Last updated on 2025-11-13 17:50:32 CET.
| Flavor | Version | Tinstall | Tcheck | Ttotal | Status | Flags |
|---|---|---|---|---|---|---|
| r-devel-linux-x86_64-debian-clang | 0.1.0 | 4.52 | 47.49 | 52.01 | OK | |
| r-devel-linux-x86_64-debian-gcc | 0.1.0 | 3.47 | 34.72 | 38.19 | OK | |
| r-devel-linux-x86_64-fedora-clang | 0.1.0 | 11.00 | 71.86 | 82.86 | OK | |
| r-devel-linux-x86_64-fedora-gcc | 0.1.0 | 12.00 | 81.34 | 93.34 | OK | |
| r-devel-windows-x86_64 | 0.1.0 | 8.00 | 61.00 | 69.00 | OK | |
| r-patched-linux-x86_64 | 0.1.0 | 4.84 | 44.01 | 48.85 | OK | |
| r-release-linux-x86_64 | 0.1.0 | 5.54 | 44.62 | 50.16 | OK | |
| r-release-macos-arm64 | 0.1.0 | 3.00 | 33.00 | 36.00 | OK | |
| r-release-macos-x86_64 | 0.1.0 | 5.00 | 58.00 | 63.00 | OK | |
| r-release-windows-x86_64 | 0.1.0 | 6.00 | 59.00 | 65.00 | OK | |
| r-oldrel-macos-arm64 | 0.1.0 | 3.00 | 33.00 | 36.00 | NOTE | |
| r-oldrel-macos-x86_64 | 0.1.0 | 5.00 | 48.00 | 53.00 | NOTE | |
| r-oldrel-windows-x86_64 | 0.1.0 | 10.00 | 71.00 | 81.00 | NOTE |
Version: 0.1.0
Check: LazyData
Result: NOTE
'LazyData' is specified without a 'data' directory
Flavors: r-oldrel-macos-arm64, r-oldrel-macos-x86_64, r-oldrel-windows-x86_64
These binaries (installable software) and packages are in development.
They may not be fully stable and should be used with caution. We make no claims about them.