Last updated on 2025-10-23 17:50:46 CEST.
Flavor | Version | Tinstall | Tcheck | Ttotal | Status | Flags |
---|---|---|---|---|---|---|
r-devel-linux-x86_64-debian-clang | 0.1.0 | 3.89 | 48.18 | 52.07 | NOTE | |
r-devel-linux-x86_64-debian-gcc | 0.1.0 | 4.00 | 34.01 | 38.01 | OK | |
r-devel-linux-x86_64-fedora-clang | 0.1.0 | 14.00 | 70.65 | 84.65 | OK | |
r-devel-linux-x86_64-fedora-gcc | 0.1.0 | 12.00 | 81.54 | 93.54 | OK | |
r-devel-windows-x86_64 | 0.1.0 | 7.00 | 59.00 | 66.00 | OK | |
r-patched-linux-x86_64 | 0.1.0 | 4.87 | 43.91 | 48.78 | OK | |
r-release-linux-x86_64 | 0.1.0 | 4.36 | 44.23 | 48.59 | OK | |
r-release-macos-arm64 | 0.1.0 | 3.00 | 33.00 | 36.00 | OK | |
r-release-macos-x86_64 | 0.1.0 | 5.00 | 58.00 | 63.00 | OK | |
r-release-windows-x86_64 | 0.1.0 | 9.00 | 61.00 | 70.00 | OK | |
r-oldrel-macos-arm64 | 0.1.0 | 3.00 | 33.00 | 36.00 | NOTE | |
r-oldrel-macos-x86_64 | 0.1.0 | 5.00 | 48.00 | 53.00 | NOTE | |
r-oldrel-windows-x86_64 | 0.1.0 | 9.00 | 73.00 | 82.00 | NOTE |
Version: 0.1.0
Check: HTML version of manual
Result: NOTE
Found the following HTML validation problems:
install_package.html:48:1 (install_package.Rd:11): Warning: missing </ul> before </div>
is.package_obj.html:48:1 (is.package_obj.Rd:11): Warning: missing </ul> before </div>
load_package.html:48:1 (load_package.Rd:11): Warning: missing </ul> before </div>
Flavor: r-devel-linux-x86_64-debian-clang
Version: 0.1.0
Check: LazyData
Result: NOTE
'LazyData' is specified without a 'data' directory
Flavors: r-oldrel-macos-arm64, r-oldrel-macos-x86_64, r-oldrel-windows-x86_64
These binaries (installable software) and packages are in development.
They may not be fully stable and should be used with caution. We make no claims about them.