CRAN Package Check Results for Package easyr

Last updated on 2025-05-21 23:48:41 CEST.

Flavor Version Tinstall Tcheck Ttotal Status Flags
r-devel-linux-x86_64-debian-clang 0.5-11 5.47 53.12 58.59 OK
r-devel-linux-x86_64-debian-gcc 0.5-11 4.21 37.11 41.32 OK
r-devel-linux-x86_64-fedora-clang 0.5-11 94.30 NOTE
r-devel-linux-x86_64-fedora-gcc 0.5-11 106.89 NOTE
r-devel-windows-x86_64 0.5-11 7.00 98.00 105.00 OK
r-patched-linux-x86_64 0.5-11 6.23 51.00 57.23 OK
r-release-linux-x86_64 0.5-11 4.36 50.30 54.66 OK
r-release-macos-arm64 0.5-11 45.00 OK
r-release-macos-x86_64 0.5-11 63.00 OK
r-release-windows-x86_64 0.5-11 7.00 101.00 108.00 OK
r-oldrel-macos-arm64 0.5-11 38.00 OK
r-oldrel-macos-x86_64 0.5-11 67.00 OK
r-oldrel-windows-x86_64 0.5-11 10.00 101.00 111.00 OK

Check Details

Version: 0.5-11
Check: dependencies in R code
Result: NOTE Namespace in Imports field not imported from: ‘rprojroot’ All declared Imports should be used. Flavors: r-devel-linux-x86_64-fedora-clang, r-devel-linux-x86_64-fedora-gcc

These binaries (installable software) and packages are in development.
They may not be fully stable and should be used with caution. We make no claims about them.