CRAN Package Check Results for Package ebGenotyping

Last updated on 2025-11-11 15:50:32 CET.

Flavor Version Tinstall Tcheck Ttotal Status Flags
r-devel-linux-x86_64-debian-clang 2.0.1 1.62 19.05 20.67 NOTE
r-devel-linux-x86_64-debian-gcc 2.0.1 1.37 15.46 16.83 NOTE
r-devel-linux-x86_64-fedora-clang 2.0.1 31.32 OK
r-devel-linux-x86_64-fedora-gcc 2.0.1 29.92 OK
r-devel-windows-x86_64 2.0.1 2.00 35.00 37.00 OK
r-patched-linux-x86_64 2.0.1 1.82 18.15 19.97 OK
r-release-linux-x86_64 2.0.1 1.75 18.30 20.05 OK
r-release-macos-arm64 2.0.1 1.00 15.00 16.00 OK
r-release-macos-x86_64 2.0.1 2.00 20.00 22.00 OK
r-release-windows-x86_64 2.0.1 2.00 35.00 37.00 OK
r-oldrel-macos-arm64 2.0.1 1.00 14.00 15.00 OK
r-oldrel-macos-x86_64 2.0.1 1.00 19.00 20.00 OK
r-oldrel-windows-x86_64 2.0.1 3.00 36.00 39.00 OK

Check Details

Version: 2.0.1
Check: CRAN incoming feasibility
Result: NOTE Maintainer: ‘Gongyi Huang<53hgy@163.com>’ No Authors@R field in DESCRIPTION. Please add one, modifying Authors@R: c(person(given = "Na", family = "You", role = "aut", email = "youn@mail.sysu.edu.cn"), person(given = "Gongyi", family = "Huang", role = c("aut", "cre"), email = "53hgy@163.com")) as necessary. Flavors: r-devel-linux-x86_64-debian-clang, r-devel-linux-x86_64-debian-gcc

These binaries (installable software) and packages are in development.
They may not be fully stable and should be used with caution. We make no claims about them.