CRAN Package Check Results for Package ebal

Last updated on 2025-10-23 17:50:46 CEST.

Flavor Version Tinstall Tcheck Ttotal Status Flags
r-devel-linux-x86_64-debian-clang 0.1-8 1.68 21.57 23.25 NOTE
r-devel-linux-x86_64-debian-gcc 0.1-8 1.35 17.35 18.70 NOTE
r-devel-linux-x86_64-fedora-clang 0.1-8 35.53 OK
r-devel-linux-x86_64-fedora-gcc 0.1-8 33.15 OK
r-devel-windows-x86_64 0.1-8 4.00 40.00 44.00 OK
r-patched-linux-x86_64 0.1-8 2.10 20.66 22.76 OK
r-release-linux-x86_64 0.1-8 1.59 20.72 22.31 OK
r-release-macos-arm64 0.1-8 1.00 16.00 17.00 OK
r-release-macos-x86_64 0.1-8 2.00 22.00 24.00 OK
r-release-windows-x86_64 0.1-8 3.00 47.00 50.00 OK
r-oldrel-macos-arm64 0.1-8 1.00 14.00 15.00 OK
r-oldrel-macos-x86_64 0.1-8 2.00 19.00 21.00 OK
r-oldrel-windows-x86_64 0.1-8 2.00 42.00 44.00 OK

Check Details

Version: 0.1-8
Check: CRAN incoming feasibility
Result: NOTE Maintainer: ‘Jens Hainmueller <jhain@stanford.edu>’ No Authors@R field in DESCRIPTION. Please add one, modifying Authors@R: person(given = "Jens", family = "Hainmueller", role = c("aut", "cre"), email = "jhain@stanford.edu") as necessary. Flavors: r-devel-linux-x86_64-debian-clang, r-devel-linux-x86_64-debian-gcc

These binaries (installable software) and packages are in development.
They may not be fully stable and should be used with caution. We make no claims about them.