Last updated on 2025-07-19 21:49:34 CEST.
Flavor | Version | Tinstall | Tcheck | Ttotal | Status | Flags |
---|---|---|---|---|---|---|
r-devel-linux-x86_64-debian-clang | 1.0.0 | 1.98 | 371.41 | 373.39 | NOTE | |
r-devel-linux-x86_64-debian-gcc | 1.0.0 | 1.75 | 197.28 | 199.03 | NOTE | |
r-devel-linux-x86_64-fedora-clang | 1.0.0 | 635.71 | OK | |||
r-devel-linux-x86_64-fedora-gcc | 1.0.0 | 611.20 | OK | |||
r-devel-windows-x86_64 | 1.0.0 | 3.00 | 296.00 | 299.00 | OK | |
r-patched-linux-x86_64 | 1.0.0 | 2.35 | 338.77 | 341.12 | OK | |
r-release-linux-x86_64 | 1.0.0 | 2.26 | 338.00 | 340.26 | OK | |
r-release-macos-arm64 | 1.0.0 | 122.00 | OK | |||
r-release-macos-x86_64 | 1.0.0 | 299.00 | OK | |||
r-release-windows-x86_64 | 1.0.0 | 3.00 | 299.00 | 302.00 | OK | |
r-oldrel-macos-arm64 | 1.0.0 | 111.00 | OK | |||
r-oldrel-macos-x86_64 | 1.0.0 | 207.00 | OK | |||
r-oldrel-windows-x86_64 | 1.0.0 | 6.00 | 396.00 | 402.00 | OK |
Version: 1.0.0
Check: CRAN incoming feasibility
Result: NOTE
Maintainer: ‘Michal Kolesár <kolesarmi@googlemail.com>’
The Description field contains
and Plagborg-Møller (2020) <arXiv:2004.03448>.
Please refer to arXiv e-prints via their arXiv DOI <doi:10.48550/arXiv.YYMM.NNNNN>.
Flavors: r-devel-linux-x86_64-debian-clang, r-devel-linux-x86_64-debian-gcc
These binaries (installable software) and packages are in development.
They may not be fully stable and should be used with caution. We make no claims about them.