Last updated on 2025-05-07 22:48:26 CEST.
Flavor | Version | Tinstall | Tcheck | Ttotal | Status | Flags |
---|---|---|---|---|---|---|
r-devel-linux-x86_64-debian-clang | 1.0.1 | 8.79 | 74.32 | 83.11 | NOTE | |
r-devel-linux-x86_64-debian-gcc | 1.0.1 | 6.45 | 55.08 | 61.53 | NOTE | |
r-devel-linux-x86_64-fedora-clang | 1.0.1 | 135.46 | OK | |||
r-devel-linux-x86_64-fedora-gcc | 1.0.1 | 126.40 | OK | |||
r-devel-windows-x86_64 | 1.0.1 | 10.00 | 84.00 | 94.00 | OK | |
r-patched-linux-x86_64 | 1.0.1 | 8.87 | 71.35 | 80.22 | OK | |
r-release-linux-x86_64 | 1.0.1 | 8.26 | 71.41 | 79.67 | OK | |
r-release-macos-arm64 | 1.0.1 | 57.00 | OK | |||
r-release-macos-x86_64 | 1.0.1 | 84.00 | OK | |||
r-release-windows-x86_64 | 1.0.1 | 10.00 | 86.00 | 96.00 | OK | |
r-oldrel-macos-arm64 | 1.0.1 | 38.00 | OK | |||
r-oldrel-macos-x86_64 | 1.0.1 | 65.00 | OK | |||
r-oldrel-windows-x86_64 | 1.0.1 | 13.00 | 103.00 | 116.00 | OK |
Version: 1.0.1
Check: CRAN incoming feasibility
Result: NOTE
Maintainer: ‘"Hsiang Hao, Chen" <kbman1101@gmail.com>’
No Authors@R field in DESCRIPTION.
Please add one, modifying
Authors@R: c(person(given = "Hsiang",
family = "Hao",
role = "aut"),
person(family = "Chen",
role = "aut"),
person(given = "\"Hsiang",
family = "Hao",
role = "cre"),
person(family = "Chen\"",
role = "cre",
email = "kbman1101@gmail.com"))
as necessary.
Flavors: r-devel-linux-x86_64-debian-clang, r-devel-linux-x86_64-debian-gcc
These binaries (installable software) and packages are in development.
They may not be fully stable and should be used with caution. We make no claims about them.