Last updated on 2025-10-23 23:49:27 CEST.
| Flavor | Version | Tinstall | Tcheck | Ttotal | Status | Flags |
|---|---|---|---|---|---|---|
| r-devel-linux-x86_64-debian-clang | 1.1-42 | 14.20 | 194.90 | 209.10 | NOTE | |
| r-devel-linux-x86_64-debian-gcc | 1.1-42 | 9.23 | 149.59 | 158.82 | OK | |
| r-devel-linux-x86_64-fedora-clang | 1.1-42 | 85.00 | 264.66 | 349.66 | OK | |
| r-devel-linux-x86_64-fedora-gcc | 1.1-42 | 30.00 | 298.78 | 328.78 | OK | |
| r-devel-windows-x86_64 | 1.1-42 | 18.00 | 199.00 | 217.00 | OK | |
| r-patched-linux-x86_64 | 1.1-42 | 17.32 | 189.41 | 206.73 | OK | |
| r-release-linux-x86_64 | 1.1-42 | 12.83 | 189.53 | 202.36 | OK | |
| r-release-macos-arm64 | 1.1-42 | 6.00 | 93.00 | 99.00 | OK | |
| r-release-macos-x86_64 | 1.1-42 | 17.00 | 200.00 | 217.00 | OK | |
| r-release-windows-x86_64 | 1.1-42 | 16.00 | 202.00 | 218.00 | OK | |
| r-oldrel-macos-arm64 | 1.1-42 | 7.00 | 94.00 | 101.00 | OK | |
| r-oldrel-macos-x86_64 | 1.1-42 | 18.00 | 207.00 | 225.00 | OK | |
| r-oldrel-windows-x86_64 | 1.1-42 | 23.00 | 261.00 | 284.00 | OK |
Version: 1.1-42
Check: HTML version of manual
Result: NOTE
Found the following HTML validation problems:
coef.ebnm.html:51:1 (coef.ebnm.Rd:12): Warning: missing </ul> before </div>
fitted.ebnm.html:53:1 (fitted.ebnm.Rd:12): Warning: missing </ul> before </div>
print.ebnm.html:55:1 (print.ebnm.Rd:14): Warning: missing </ul> before </div>
print.summary.ebnm.html:55:1 (print.summary.ebnm.Rd:14): Warning: missing </ul> before </div>
residuals.ebnm.html:52:1 (residuals.ebnm.Rd:12): Warning: missing </ul> before </div>
vcov.ebnm.html:51:1 (vcov.ebnm.Rd:12): Warning: missing </ul> before </div>
Flavor: r-devel-linux-x86_64-debian-clang
These binaries (installable software) and packages are in development.
They may not be fully stable and should be used with caution. We make no claims about them.