Last updated on 2025-07-19 13:50:10 CEST.
Flavor | Version | Tinstall | Tcheck | Ttotal | Status | Flags |
---|---|---|---|---|---|---|
r-devel-linux-x86_64-debian-clang | 1.1-2 | 14.35 | 141.30 | 155.65 | NOTE | |
r-devel-linux-x86_64-debian-gcc | 1.1-2 | 9.37 | 99.31 | 108.68 | NOTE | |
r-devel-linux-x86_64-fedora-clang | 1.1-2 | 245.96 | OK | |||
r-devel-linux-x86_64-fedora-gcc | 1.1-2 | 245.89 | OK | |||
r-devel-windows-x86_64 | 1.1-2 | 14.00 | 154.00 | 168.00 | OK | |
r-patched-linux-x86_64 | 1.1-2 | 14.88 | 132.64 | 147.52 | OK | |
r-release-linux-x86_64 | 1.1-2 | 13.95 | 133.75 | 147.70 | OK | |
r-release-macos-arm64 | 1.1-2 | 90.00 | OK | |||
r-release-macos-x86_64 | 1.1-2 | 150.00 | OK | |||
r-release-windows-x86_64 | 1.1-2 | 16.00 | 152.00 | 168.00 | OK | |
r-oldrel-macos-arm64 | 1.1-2 | 66.00 | OK | |||
r-oldrel-macos-x86_64 | 1.1-2 | 122.00 | OK | |||
r-oldrel-windows-x86_64 | 1.1-2 | 20.00 | 190.00 | 210.00 | OK |
Version: 1.1-2
Check: CRAN incoming feasibility
Result: NOTE
Maintainer: ‘Peter Carbonetto <peter.carbonetto@gmail.com>’
The Description field contains
Willwerscheid and Stephens (2021) <arXiv:2110.00152>.
Please refer to arXiv e-prints via their arXiv DOI <doi:10.48550/arXiv.YYMM.NNNNN>.
Flavors: r-devel-linux-x86_64-debian-clang, r-devel-linux-x86_64-debian-gcc
These binaries (installable software) and packages are in development.
They may not be fully stable and should be used with caution. We make no claims about them.