Last updated on 2025-05-01 15:49:29 CEST.
Flavor | Version | Tinstall | Tcheck | Ttotal | Status | Flags |
---|---|---|---|---|---|---|
r-devel-linux-x86_64-debian-clang | 0.1.0 | 1.64 | 39.40 | 41.04 | NOTE | |
r-devel-linux-x86_64-debian-gcc | 0.1.0 | 1.36 | 30.94 | 32.30 | OK | |
r-devel-linux-x86_64-fedora-clang | 0.1.0 | 63.12 | OK | |||
r-devel-linux-x86_64-fedora-gcc | 0.1.0 | 74.44 | OK | |||
r-devel-windows-x86_64 | 0.1.0 | 4.00 | 59.00 | 63.00 | OK | |
r-patched-linux-x86_64 | 0.1.0 | 1.74 | 36.48 | 38.22 | OK | |
r-release-linux-x86_64 | OK | |||||
r-release-macos-arm64 | 0.1.0 | 31.00 | OK | |||
r-release-macos-x86_64 | 0.1.0 | 49.00 | OK | |||
r-release-windows-x86_64 | 0.1.0 | 4.00 | 62.00 | 66.00 | OK | |
r-oldrel-macos-arm64 | 0.1.0 | 29.00 | OK | |||
r-oldrel-macos-x86_64 | 0.1.0 | 42.00 | OK | |||
r-oldrel-windows-x86_64 | 0.1.0 | 4.00 | 65.00 | 69.00 | OK |
Version: 0.1.0
Check: examples
Result: NOTE
Examples with CPU (user + system) or elapsed time > 5s
user system elapsed
estimate_EC50 5.168 0.228 7.623
Flavor: r-devel-linux-x86_64-debian-clang
These binaries (installable software) and packages are in development.
They may not be fully stable and should be used with caution. We make no claims about them.