Last updated on 2025-10-24 09:50:01 CEST.
| Flavor | Version | Tinstall | Tcheck | Ttotal | Status | Flags |
|---|---|---|---|---|---|---|
| r-devel-linux-x86_64-debian-clang | 0.4.6 | 13.79 | 122.84 | 136.63 | NOTE | |
| r-devel-linux-x86_64-debian-gcc | 0.4.6 | 8.34 | 81.37 | 89.71 | OK | |
| r-devel-linux-x86_64-fedora-clang | 0.4.6 | 38.00 | 174.19 | 212.19 | OK | |
| r-devel-linux-x86_64-fedora-gcc | 0.4.6 | 28.00 | 168.26 | 196.26 | OK | |
| r-devel-windows-x86_64 | 0.4.6 | 16.00 | 157.00 | 173.00 | OK | |
| r-patched-linux-x86_64 | 0.4.6 | 12.87 | 116.33 | 129.20 | OK | |
| r-release-linux-x86_64 | 0.4.6 | 13.31 | 115.33 | 128.64 | OK | |
| r-release-macos-arm64 | 0.4.6 | 6.00 | 55.00 | 61.00 | OK | |
| r-release-macos-x86_64 | 0.4.6 | 12.00 | 116.00 | 128.00 | OK | |
| r-release-windows-x86_64 | 0.4.6 | 20.00 | 158.00 | 178.00 | OK | |
| r-oldrel-macos-arm64 | 0.4.6 | 6.00 | 58.00 | 64.00 | OK | |
| r-oldrel-macos-x86_64 | 0.4.6 | 14.00 | 147.00 | 161.00 | OK | |
| r-oldrel-windows-x86_64 | 0.4.6 | 22.00 | 202.00 | 224.00 | OK |
Version: 0.4.6
Check: HTML version of manual
Result: NOTE
Found the following HTML validation problems:
e_common.html:50:1 (e_common.Rd:12): Warning: missing </ul> before </div>
e_dims.html:56:1 (e_dims.Rd:13): Warning: missing </ul> before </div>
e_execute.html:48:1 (e_execute.Rd:13): Warning: missing </ul> before </div>
e_lines_gl.html:59:1 (e_lines_gl.Rd:17): Warning: missing </ul> before </div>
e_merge.html:46:1 (e_merge.Rd:10): Warning: missing </ul> before </div>
e_resize.html:46:1 (e_resize.Rd:10): Warning: missing </ul> before </div>
e_utc.html:47:1 (e_utc.Rd:11): Warning: missing </ul> before </div>
echarts4rBoxOutput.html:50:1 (echarts4rBoxOutput.Rd:12): Warning: missing </ul> before </div>
renderEcharts4rBox.html:54:1 (renderEcharts4rBox.Rd:14): Warning: missing </ul> before </div>
Flavor: r-devel-linux-x86_64-debian-clang
These binaries (installable software) and packages are in development.
They may not be fully stable and should be used with caution. We make no claims about them.