Last updated on 2025-10-23 11:50:12 CEST.
Flavor | Version | Tinstall | Tcheck | Ttotal | Status | Flags |
---|---|---|---|---|---|---|
r-devel-linux-x86_64-debian-clang | 1.6.6 | 6.55 | 63.93 | 70.48 | NOTE | |
r-devel-linux-x86_64-debian-gcc | 1.6.6 | 4.32 | 43.76 | 48.08 | OK | |
r-devel-linux-x86_64-fedora-clang | 1.7.0 | 22.00 | 95.27 | 117.27 | OK | |
r-devel-linux-x86_64-fedora-gcc | 1.7.0 | 13.00 | 112.27 | 125.27 | OK | |
r-devel-windows-x86_64 | 1.6.6 | 8.00 | 77.00 | 85.00 | OK | |
r-patched-linux-x86_64 | 1.6.6 | 7.07 | 57.84 | 64.91 | OK | |
r-release-linux-x86_64 | 1.6.6 | 6.77 | 57.21 | 63.98 | OK | |
r-release-macos-arm64 | 1.7.0 | 3.00 | 40.00 | 43.00 | OK | |
r-release-macos-x86_64 | 1.7.0 | 10.00 | 153.00 | 163.00 | OK | |
r-release-windows-x86_64 | 1.6.6 | 9.00 | 77.00 | 86.00 | OK | |
r-oldrel-macos-arm64 | 1.7.0 | 3.00 | 48.00 | 51.00 | OK | |
r-oldrel-macos-x86_64 | 1.7.0 | 7.00 | 114.00 | 121.00 | OK | |
r-oldrel-windows-x86_64 | 1.6.6 | 12.00 | 92.00 | 104.00 | OK |
Version: 1.6.6
Check: HTML version of manual
Result: NOTE
Found the following HTML validation problems:
Introduction.html:216:1 (Introduction.Rd:127): Warning: missing </ul> before </div>
Flavor: r-devel-linux-x86_64-debian-clang
These binaries (installable software) and packages are in development.
They may not be fully stable and should be used with caution. We make no claims about them.