Last updated on 2025-02-16 10:50:45 CET.
Flavor | Version | Tinstall | Tcheck | Ttotal | Status | Flags |
---|---|---|---|---|---|---|
r-devel-linux-x86_64-debian-clang | 0.2.4 | 66.55 | 86.52 | 153.07 | OK | |
r-devel-linux-x86_64-debian-gcc | 0.2.4 | 49.10 | 59.62 | 108.72 | OK | |
r-devel-linux-x86_64-fedora-clang | 0.2.4 | 240.05 | OK | |||
r-devel-linux-x86_64-fedora-gcc | 0.2.4 | 277.38 | OK | |||
r-devel-macos-arm64 | 0.2.4 | 83.00 | OK | |||
r-devel-macos-x86_64 | 0.2.4 | 147.00 | OK | |||
r-devel-windows-x86_64 | 0.2.4 | 66.00 | 122.00 | 188.00 | OK | |
r-patched-linux-x86_64 | 0.2.4 | 64.37 | 76.17 | 140.54 | OK | |
r-release-linux-x86_64 | 0.2.4 | 67.67 | 77.07 | 144.74 | OK | |
r-release-macos-arm64 | 0.2.4 | 85.00 | NOTE | |||
r-release-macos-x86_64 | 0.2.4 | 128.00 | NOTE | |||
r-release-windows-x86_64 | 0.2.4 | 67.00 | 131.00 | 198.00 | OK | |
r-oldrel-macos-arm64 | 0.2.4 | 79.00 | NOTE | |||
r-oldrel-macos-x86_64 | 0.2.4 | 267.00 | NOTE | |||
r-oldrel-windows-x86_64 | 0.2.4 | 77.00 | 145.00 | 222.00 | OK |
Version: 0.2.4
Check: installed package size
Result: NOTE
installed size is 13.5Mb
sub-directories of 1Mb or more:
doc 1.3Mb
libs 11.7Mb
Flavors: r-release-macos-arm64, r-release-macos-x86_64, r-oldrel-macos-arm64, r-oldrel-macos-x86_64
These binaries (installable software) and packages are in development.
They may not be fully stable and should be used with caution. We make no claims about them.