CRAN Package Check Results for Package ecm

Last updated on 2025-05-01 17:56:01 CEST.

Flavor Version Tinstall Tcheck Ttotal Status Flags
r-devel-linux-x86_64-debian-clang 7.2.0 2.41 23.82 26.23 NOTE
r-devel-linux-x86_64-debian-gcc 7.2.0 1.81 19.26 21.07 NOTE
r-devel-linux-x86_64-fedora-clang 7.2.0 41.54 OK
r-devel-linux-x86_64-fedora-gcc 7.2.0 39.32 OK
r-devel-windows-x86_64 7.2.0 4.00 45.00 49.00 OK
r-patched-linux-x86_64 7.2.0 2.24 22.93 25.17 OK
r-release-linux-x86_64 OK
r-release-macos-arm64 7.2.0 18.00 OK
r-release-macos-x86_64 7.2.0 27.00 OK
r-release-windows-x86_64 7.2.0 4.00 45.00 49.00 OK
r-oldrel-macos-arm64 7.2.0 17.00 OK
r-oldrel-macos-x86_64 7.2.0 24.00 OK
r-oldrel-windows-x86_64 7.2.0 5.00 48.00 53.00 OK

Check Details

Version: 7.2.0
Check: CRAN incoming feasibility
Result: NOTE Maintainer: ‘Gaurav Bansal <gaurbans@gmail.com>’ No Authors@R field in DESCRIPTION. Please add one, modifying Authors@R: person(given = "Gaurav", family = "Bansal", role = c("aut", "cre"), email = "gaurbans@gmail.com") as necessary. Flavors: r-devel-linux-x86_64-debian-clang, r-devel-linux-x86_64-debian-gcc

These binaries (installable software) and packages are in development.
They may not be fully stable and should be used with caution. We make no claims about them.