CRAN Package Check Results for Package ecm

Last updated on 2025-11-13 03:51:00 CET.

Flavor Version Tinstall Tcheck Ttotal Status Flags
r-devel-linux-x86_64-debian-clang 7.2.0 2.38 25.28 27.66 NOTE
r-devel-linux-x86_64-debian-gcc 7.2.0 2.13 21.13 23.26 NOTE
r-devel-linux-x86_64-fedora-clang 7.2.0 42.57 OK
r-devel-linux-x86_64-fedora-gcc 7.2.0 40.55 OK
r-devel-windows-x86_64 7.2.0 4.00 45.00 49.00 OK
r-patched-linux-x86_64 7.2.0 2.66 24.27 26.93 OK
r-release-linux-x86_64 7.2.0 2.61 24.53 27.14 OK
r-release-macos-arm64 7.2.0 1.00 17.00 18.00 OK
r-release-macos-x86_64 7.2.0 2.00 25.00 27.00 OK
r-release-windows-x86_64 7.2.0 4.00 44.00 48.00 OK
r-oldrel-macos-arm64 7.2.0 1.00 16.00 17.00 OK
r-oldrel-macos-x86_64 7.2.0 2.00 22.00 24.00 OK
r-oldrel-windows-x86_64 7.2.0 6.00 50.00 56.00 OK

Check Details

Version: 7.2.0
Check: CRAN incoming feasibility
Result: NOTE Maintainer: ‘Gaurav Bansal <gaurbans@gmail.com>’ No Authors@R field in DESCRIPTION. Please add one, modifying Authors@R: person(given = "Gaurav", family = "Bansal", role = c("aut", "cre"), email = "gaurbans@gmail.com") as necessary. Flavors: r-devel-linux-x86_64-debian-clang, r-devel-linux-x86_64-debian-gcc

These binaries (installable software) and packages are in development.
They may not be fully stable and should be used with caution. We make no claims about them.