CRAN Package Check Results for Package ecochange

Last updated on 2025-02-16 10:50:45 CET.

Flavor Version Tinstall Tcheck Ttotal Status Flags
r-devel-linux-x86_64-debian-clang 2.9.3.2 30.59 321.96 352.55 NOTE
r-devel-linux-x86_64-debian-gcc 2.9.3.2 21.71 214.17 235.88 NOTE
r-devel-linux-x86_64-fedora-clang 2.9.3.2 492.73 OK
r-devel-linux-x86_64-fedora-gcc 2.9.3.2 341.19 OK
r-devel-macos-arm64 2.9.3.2 128.00 OK
r-devel-macos-x86_64 2.9.3.2 282.00 OK
r-devel-windows-x86_64 2.9.3.2 31.00 252.00 283.00 NOTE
r-patched-linux-x86_64 2.9.3.2 34.31 300.79 335.10 OK
r-release-linux-x86_64 2.9.3.2 28.98 298.75 327.73 OK
r-release-macos-arm64 2.9.3.2 127.00 OK
r-release-macos-x86_64 2.9.3.2 347.00 OK
r-release-windows-x86_64 2.9.3.2 29.00 246.00 275.00 OK
r-oldrel-macos-arm64 2.9.3.2 125.00 OK
r-oldrel-macos-x86_64 2.9.3.2 285.00 OK
r-oldrel-windows-x86_64 2.9.3.2 41.00 334.00 375.00 OK

Check Details

Version: 2.9.3.2
Check: Rd cross-references
Result: NOTE Found the following Rd file(s) with Rd \link{} targets missing package anchors: EBVstats.Rd: cellStats gaugeIndicator.Rd: list_lsm, calculate_lsm plot.EBVstats.Rd: tibble plot.Indicator.Rd: tibble sampleIndicator.Rd: list_lsm, sample_lsm tabuleRaster.Rd: rasterDT Please provide package anchors for all Rd \link{} targets not in the package itself and the base packages. Flavors: r-devel-linux-x86_64-debian-clang, r-devel-linux-x86_64-debian-gcc, r-devel-windows-x86_64

These binaries (installable software) and packages are in development.
They may not be fully stable and should be used with caution. We make no claims about them.