Last updated on 2025-05-08 04:52:03 CEST.
Flavor | Version | Tinstall | Tcheck | Ttotal | Status | Flags |
---|---|---|---|---|---|---|
r-devel-linux-x86_64-debian-clang | 0.0.1 | 1.63 | 18.38 | 20.01 | NOTE | |
r-devel-linux-x86_64-debian-gcc | 0.0.1 | 1.22 | 14.95 | 16.17 | NOTE | |
r-devel-linux-x86_64-fedora-clang | 0.0.1 | 30.98 | OK | |||
r-devel-linux-x86_64-fedora-gcc | 0.0.1 | 29.82 | OK | |||
r-devel-windows-x86_64 | 0.0.1 | 4.00 | 40.00 | 44.00 | OK | |
r-patched-linux-x86_64 | 0.0.1 | 1.87 | 17.49 | 19.36 | OK | |
r-release-linux-x86_64 | 0.0.1 | 1.52 | 17.35 | 18.87 | OK | |
r-release-macos-arm64 | 0.0.1 | 17.00 | OK | |||
r-release-macos-x86_64 | 0.0.1 | 23.00 | OK | |||
r-release-windows-x86_64 | 0.0.1 | 3.00 | 42.00 | 45.00 | OK | |
r-oldrel-macos-arm64 | 0.0.1 | 16.00 | OK | |||
r-oldrel-macos-x86_64 | 0.0.1 | 20.00 | OK | |||
r-oldrel-windows-x86_64 | 0.0.1 | 2.00 | 38.00 | 40.00 | OK |
Version: 0.0.1
Check: CRAN incoming feasibility
Result: NOTE
Maintainer: ‘Hugo Salinas <hugosal@comunidad.unam.mx>’
Package CITATION file contains call(s) to old-style personList() or
as.personList(). Please use c() on person objects instead.
Package CITATION file contains call(s) to old-style citEntry(). Please
use bibentry() instead.
Flavors: r-devel-linux-x86_64-debian-clang, r-devel-linux-x86_64-debian-gcc
These binaries (installable software) and packages are in development.
They may not be fully stable and should be used with caution. We make no claims about them.