CRAN Package Check Results for Package econetwork

Last updated on 2025-05-01 08:52:31 CEST.

Flavor Version Tinstall Tcheck Ttotal Status Flags
r-devel-linux-x86_64-debian-clang 0.7.0 44.37 111.31 155.68 NOTE
r-devel-linux-x86_64-debian-gcc 0.7.0 34.15 81.65 115.80 OK
r-devel-linux-x86_64-fedora-clang 0.7.0 252.51 OK
r-devel-linux-x86_64-fedora-gcc 0.7.0 247.70 OK
r-devel-windows-x86_64 0.7.0 53.00 132.00 185.00 OK
r-patched-linux-x86_64 0.7.0 46.22 107.24 153.46 OK
r-release-linux-x86_64 OK
r-release-macos-arm64 0.7.0 93.00 OK
r-release-macos-x86_64 0.7.0 116.00 OK
r-release-windows-x86_64 0.7.0 56.00 135.00 191.00 OK
r-oldrel-macos-arm64 0.7.0 65.00 NOTE
r-oldrel-macos-x86_64 0.7.0 92.00 NOTE
r-oldrel-windows-x86_64 0.7.0 61.00 167.00 228.00 OK

Check Details

Version: 0.7.0
Check: examples
Result: NOTE Examples with CPU (user + system) or elapsed time > 5s user system elapsed disPairwise 5.769 0.079 6.291 divPartition 5.473 0.063 5.822 Flavor: r-devel-linux-x86_64-debian-clang

Version: 0.7.0
Check: installed package size
Result: NOTE installed size is 13.4Mb sub-directories of 1Mb or more: libs 13.3Mb Flavors: r-oldrel-macos-arm64, r-oldrel-macos-x86_64

These binaries (installable software) and packages are in development.
They may not be fully stable and should be used with caution. We make no claims about them.