CRAN Package Check Results for Package econetwork

Last updated on 2025-07-04 21:50:05 CEST.

Flavor Version Tinstall Tcheck Ttotal Status Flags
r-devel-linux-x86_64-debian-clang 0.7.0 45.48 111.72 157.20 OK
r-devel-linux-x86_64-debian-gcc 0.7.0 35.42 81.45 116.87 OK
r-devel-linux-x86_64-fedora-clang 0.7.0 251.72 OK
r-devel-linux-x86_64-fedora-gcc 0.7.0 246.30 OK
r-devel-windows-x86_64 0.7.0 53.00 131.00 184.00 OK
r-patched-linux-x86_64 0.7.0 48.74 107.69 156.43 OK
r-release-linux-x86_64 0.7.0 47.75 107.94 155.69 OK
r-release-macos-arm64 0.7.0 93.00 OK
r-release-macos-x86_64 0.7.0 116.00 OK
r-release-windows-x86_64 0.7.0 52.00 133.00 185.00 OK
r-oldrel-macos-arm64 0.7.0 65.00 NOTE
r-oldrel-macos-x86_64 0.7.0 92.00 NOTE
r-oldrel-windows-x86_64 0.7.0 62.00 169.00 231.00 OK

Check Details

Version: 0.7.0
Check: installed package size
Result: NOTE installed size is 13.4Mb sub-directories of 1Mb or more: libs 13.3Mb Flavors: r-oldrel-macos-arm64, r-oldrel-macos-x86_64

These binaries (installable software) and packages are in development.
They may not be fully stable and should be used with caution. We make no claims about them.