Last updated on 2025-11-13 17:50:32 CET.
| Flavor | Version | Tinstall | Tcheck | Ttotal | Status | Flags |
|---|---|---|---|---|---|---|
| r-devel-linux-x86_64-debian-clang | 0.7.0 | 47.55 | 110.15 | 157.70 | OK | |
| r-devel-linux-x86_64-debian-gcc | 0.7.0 | 34.05 | 81.67 | 115.72 | OK | |
| r-devel-linux-x86_64-fedora-clang | 0.7.0 | 99.00 | 154.62 | 253.62 | OK | |
| r-devel-linux-x86_64-fedora-gcc | 0.7.0 | 85.00 | 159.37 | 244.37 | OK | |
| r-devel-windows-x86_64 | 0.7.0 | 56.00 | 124.00 | 180.00 | OK | |
| r-patched-linux-x86_64 | 0.7.0 | 45.65 | 110.07 | 155.72 | OK | |
| r-release-linux-x86_64 | 0.7.0 | 48.92 | 109.93 | 158.85 | OK | |
| r-release-macos-arm64 | 0.7.0 | 27.00 | 66.00 | 93.00 | OK | |
| r-release-macos-x86_64 | 0.7.0 | 30.00 | 86.00 | 116.00 | OK | |
| r-release-windows-x86_64 | 0.7.0 | 52.00 | 133.00 | 185.00 | OK | |
| r-oldrel-macos-arm64 | 0.7.0 | 21.00 | 44.00 | 65.00 | NOTE | |
| r-oldrel-macos-x86_64 | 0.7.0 | 25.00 | 67.00 | 92.00 | NOTE | |
| r-oldrel-windows-x86_64 | 0.7.0 | 64.00 | 167.00 | 231.00 | OK |
Version: 0.7.0
Check: installed package size
Result: NOTE
installed size is 13.4Mb
sub-directories of 1Mb or more:
libs 13.3Mb
Flavors: r-oldrel-macos-arm64, r-oldrel-macos-x86_64
These binaries (installable software) and packages are in development.
They may not be fully stable and should be used with caution. We make no claims about them.