Last updated on 2025-10-24 13:49:36 CEST.
| Flavor | Version | Tinstall | Tcheck | Ttotal | Status | Flags |
|---|---|---|---|---|---|---|
| r-devel-linux-x86_64-debian-clang | 0.7.0 | 44.85 | 112.27 | 157.12 | OK | |
| r-devel-linux-x86_64-debian-gcc | 0.7.0 | 34.87 | 82.83 | 117.70 | OK | |
| r-devel-linux-x86_64-fedora-clang | 0.7.0 | 90.00 | 164.11 | 254.11 | OK | |
| r-devel-linux-x86_64-fedora-gcc | 0.7.0 | 75.00 | 167.98 | 242.98 | OK | |
| r-devel-windows-x86_64 | 0.7.0 | 53.00 | 127.00 | 180.00 | OK | |
| r-patched-linux-x86_64 | 0.7.0 | 46.03 | 110.51 | 156.54 | OK | |
| r-release-linux-x86_64 | 0.7.0 | 48.69 | 110.88 | 159.57 | OK | |
| r-release-macos-arm64 | 0.7.0 | 27.00 | 66.00 | 93.00 | OK | |
| r-release-macos-x86_64 | 0.7.0 | 30.00 | 86.00 | 116.00 | OK | |
| r-release-windows-x86_64 | 0.7.0 | 56.00 | 131.00 | 187.00 | OK | |
| r-oldrel-macos-arm64 | 0.7.0 | 21.00 | 44.00 | 65.00 | NOTE | |
| r-oldrel-macos-x86_64 | 0.7.0 | 25.00 | 67.00 | 92.00 | NOTE | |
| r-oldrel-windows-x86_64 | 0.7.0 | 65.00 | 172.00 | 237.00 | OK |
Version: 0.7.0
Check: installed package size
Result: NOTE
installed size is 13.4Mb
sub-directories of 1Mb or more:
libs 13.3Mb
Flavors: r-oldrel-macos-arm64, r-oldrel-macos-x86_64
These binaries (installable software) and packages are in development.
They may not be fully stable and should be used with caution. We make no claims about them.