Last updated on 2024-07-27 15:50:16 CEST.
Flavor | Version | Tinstall | Tcheck | Ttotal | Status | Flags |
---|---|---|---|---|---|---|
r-devel-linux-x86_64-debian-clang | 1.5.0 | 8.74 | 197.49 | 206.23 | OK | |
r-devel-linux-x86_64-debian-gcc | 1.5.0 | OK | ||||
r-devel-linux-x86_64-fedora-clang | 1.5.0 | 256.35 | NOTE | |||
r-devel-linux-x86_64-fedora-gcc | 1.5.0 | 267.93 | NOTE | |||
r-devel-windows-x86_64 | 1.5.0 | 10.00 | 162.00 | 172.00 | OK | |
r-patched-linux-x86_64 | 1.5.0 | OK | ||||
r-release-linux-x86_64 | 1.5.0 | 9.06 | 198.10 | 207.16 | OK | |
r-release-macos-arm64 | 1.5.0 | 83.00 | OK | |||
r-release-macos-x86_64 | 1.5.0 | 120.00 | OK | |||
r-release-windows-x86_64 | 1.5.0 | 10.00 | 161.00 | 171.00 | OK | |
r-oldrel-macos-arm64 | 1.5.0 | 95.00 | OK | |||
r-oldrel-macos-x86_64 | 1.5.0 | 152.00 | OK | |||
r-oldrel-windows-x86_64 | 1.5.0 | 12.00 | 205.00 | 217.00 | OK |
Version: 1.5.0
Check: dependencies in R code
Result: NOTE
Namespace in Imports field not imported from: ‘Rdpack’
All declared Imports should be used.
Flavors: r-devel-linux-x86_64-fedora-clang, r-devel-linux-x86_64-fedora-gcc
These binaries (installable software) and packages are in development.
They may not be fully stable and should be used with caution. We make no claims about them.