CRAN Package Check Results for Package economiccomplexity

Last updated on 2025-07-04 21:50:05 CEST.

Flavor Version Tinstall Tcheck Ttotal Status Flags
r-devel-linux-x86_64-debian-clang 2.0.0 17.66 112.41 130.07 OK
r-devel-linux-x86_64-debian-gcc 2.0.0 13.07 82.56 95.63 OK
r-devel-linux-x86_64-fedora-clang 2.0.0 206.19 OK
r-devel-linux-x86_64-fedora-gcc 2.0.0 223.18 OK
r-devel-windows-x86_64 2.0.0 22.00 144.00 166.00 OK
r-patched-linux-x86_64 2.0.0 17.54 113.17 130.71 OK
r-release-linux-x86_64 2.0.0 17.16 112.40 129.56 OK
r-release-macos-arm64 2.0.0 80.00 OK
r-release-macos-x86_64 2.0.0 136.00 OK
r-release-windows-x86_64 2.0.0 25.00 139.00 164.00 OK
r-oldrel-macos-arm64 2.0.0 74.00 NOTE
r-oldrel-macos-x86_64 2.0.0 172.00 NOTE
r-oldrel-windows-x86_64 2.0.0 25.00 190.00 215.00 OK

Additional issues

rchk

Check Details

Version: 2.0.0
Check: installed package size
Result: NOTE installed size is 5.7Mb sub-directories of 1Mb or more: data 1.7Mb doc 1.7Mb libs 2.0Mb Flavors: r-oldrel-macos-arm64, r-oldrel-macos-x86_64

These binaries (installable software) and packages are in development.
They may not be fully stable and should be used with caution. We make no claims about them.