Last updated on 2025-05-01 12:49:27 CEST.
Flavor | Version | Tinstall | Tcheck | Ttotal | Status | Flags |
---|---|---|---|---|---|---|
r-devel-linux-x86_64-debian-clang | 2.0.0 | 18.02 | 111.32 | 129.34 | NOTE | |
r-devel-linux-x86_64-debian-gcc | 2.0.0 | 13.02 | 82.91 | 95.93 | OK | |
r-devel-linux-x86_64-fedora-clang | 2.0.0 | 206.90 | OK | |||
r-devel-linux-x86_64-fedora-gcc | 2.0.0 | 226.30 | OK | |||
r-devel-windows-x86_64 | 2.0.0 | 22.00 | 146.00 | 168.00 | OK | |
r-patched-linux-x86_64 | 2.0.0 | 17.25 | 113.17 | 130.42 | OK | |
r-release-linux-x86_64 | OK | |||||
r-release-macos-arm64 | 2.0.0 | 80.00 | OK | |||
r-release-macos-x86_64 | 2.0.0 | 136.00 | OK | |||
r-release-windows-x86_64 | 2.0.0 | 23.00 | 155.00 | 178.00 | OK | |
r-oldrel-macos-arm64 | 2.0.0 | 74.00 | NOTE | |||
r-oldrel-macos-x86_64 | 2.0.0 | 172.00 | NOTE | |||
r-oldrel-windows-x86_64 | 2.0.0 | 26.00 | 182.00 | 208.00 | OK |
Version: 2.0.0
Check: examples
Result: NOTE
Examples with CPU (user + system) or elapsed time > 5s
user system elapsed
projections 6.167 0.217 7.629
Flavor: r-devel-linux-x86_64-debian-clang
Version: 2.0.0
Check: installed package size
Result: NOTE
installed size is 5.7Mb
sub-directories of 1Mb or more:
data 1.7Mb
doc 1.7Mb
libs 2.0Mb
Flavors: r-oldrel-macos-arm64, r-oldrel-macos-x86_64
These binaries (installable software) and packages are in development.
They may not be fully stable and should be used with caution. We make no claims about them.