Last updated on 2025-05-01 14:49:08 CEST.
Flavor | Version | Tinstall | Tcheck | Ttotal | Status | Flags |
---|---|---|---|---|---|---|
r-devel-linux-x86_64-debian-clang | 0.2.1 | 3.63 | 76.22 | 79.85 | NOTE | |
r-devel-linux-x86_64-debian-gcc | 0.2.1 | 2.15 | 52.42 | 54.57 | NOTE | |
r-devel-linux-x86_64-fedora-clang | 0.2.1 | 124.80 | OK | |||
r-devel-linux-x86_64-fedora-gcc | 0.2.1 | 132.32 | OK | |||
r-devel-windows-x86_64 | 0.2.1 | 6.00 | 99.00 | 105.00 | OK | |
r-patched-linux-x86_64 | 0.2.1 | 3.92 | 71.43 | 75.35 | OK | |
r-release-linux-x86_64 | OK | |||||
r-release-macos-arm64 | 0.2.1 | 79.00 | OK | |||
r-release-macos-x86_64 | 0.2.1 | 83.00 | OK | |||
r-release-windows-x86_64 | 0.2.1 | 7.00 | 103.00 | 110.00 | OK | |
r-oldrel-macos-arm64 | 0.2.1 | 54.00 | OK | |||
r-oldrel-macos-x86_64 | 0.2.1 | 73.00 | OK | |||
r-oldrel-windows-x86_64 | 0.2.1 | 5.00 | 118.00 | 123.00 | OK |
Version: 0.2.1
Check: CRAN incoming feasibility
Result: NOTE
Maintainer: ‘Ian Vaughan <vaughanip@cardiff.ac.uk>’
No Authors@R field in DESCRIPTION.
Please add one, modifying
Authors@R: person(given = "Ian",
family = "Vaughan",
role = c("aut", "cre"),
email = "vaughanip@cardiff.ac.uk")
as necessary.
Package CITATION file contains call(s) to old-style personList() or
as.personList(). Please use c() on person objects instead.
Package CITATION file contains call(s) to old-style citEntry(). Please
use bibentry() instead.
Flavors: r-devel-linux-x86_64-debian-clang, r-devel-linux-x86_64-debian-gcc
Version: 0.2.1
Check: examples
Result: NOTE
Examples with CPU (user + system) or elapsed time > 5s
user system elapsed
generate_edgelist 5.342 0.071 7.269
bipartite_stats 4.668 0.222 7.657
Flavor: r-devel-linux-x86_64-debian-clang
Version: 0.2.1
Check: examples
Result: NA
user system elapsed
bipartite_stats 3.107 0.183 6.267
OK
Flavor: r-devel-linux-x86_64-debian-gcc
These binaries (installable software) and packages are in development.
They may not be fully stable and should be used with caution. We make no claims about them.