Last updated on 2025-02-16 10:50:45 CET.
Flavor | Version | Tinstall | Tcheck | Ttotal | Status | Flags |
---|---|---|---|---|---|---|
r-devel-linux-x86_64-debian-clang | 1.3-4 | 3.27 | 43.71 | 46.98 | NOTE | |
r-devel-linux-x86_64-debian-gcc | 1.3-4 | 2.71 | 28.74 | 31.45 | NOTE | |
r-devel-linux-x86_64-fedora-clang | 1.3-4 | 77.65 | OK | |||
r-devel-linux-x86_64-fedora-gcc | 1.3-4 | 72.73 | OK | |||
r-devel-macos-arm64 | 1.3-4 | 25.00 | OK | |||
r-devel-macos-x86_64 | 1.3-4 | 52.00 | OK | |||
r-devel-windows-x86_64 | 1.3-4 | 4.00 | 61.00 | 65.00 | NOTE | |
r-patched-linux-x86_64 | 1.3-4 | 4.93 | 40.32 | 45.25 | OK | |
r-release-linux-x86_64 | 1.3-4 | 2.76 | 41.46 | 44.22 | OK | |
r-release-macos-arm64 | 1.3-4 | 23.00 | OK | |||
r-release-macos-x86_64 | 1.3-4 | 35.00 | OK | |||
r-release-windows-x86_64 | 1.3-4 | 4.00 | 62.00 | 66.00 | OK | |
r-oldrel-macos-arm64 | 1.3-4 | 24.00 | OK | |||
r-oldrel-macos-x86_64 | 1.3-4 | 53.00 | OK | |||
r-oldrel-windows-x86_64 | 1.3-4 | 4.00 | 62.00 | 66.00 | OK |
Version: 1.3-4
Check: Rd cross-references
Result: NOTE
Found the following Rd file(s) with Rd \link{} targets missing package
anchors:
calcres.Rd: ode
ecosim-package.Rd: calc.stoich.coef, ode
process-class.Rd: calc.stoich.coef
system-class.Rd: ode
Please provide package anchors for all Rd \link{} targets not in the
package itself and the base packages.
Flavors: r-devel-linux-x86_64-debian-clang, r-devel-linux-x86_64-debian-gcc, r-devel-windows-x86_64
These binaries (installable software) and packages are in development.
They may not be fully stable and should be used with caution. We make no claims about them.