Last updated on 2025-05-01 08:52:31 CEST.
Flavor | Version | Tinstall | Tcheck | Ttotal | Status | Flags |
---|---|---|---|---|---|---|
r-devel-linux-x86_64-debian-clang | 4.1.2 | 11.93 | 172.59 | 184.52 | NOTE | |
r-devel-linux-x86_64-debian-gcc | 4.1.2 | 7.47 | 119.56 | 127.03 | OK | |
r-devel-linux-x86_64-fedora-clang | 4.1.2 | 308.58 | OK | |||
r-devel-linux-x86_64-fedora-gcc | 4.1.2 | 289.43 | OK | |||
r-devel-windows-x86_64 | 4.1.2 | 14.00 | 278.00 | 292.00 | OK | |
r-patched-linux-x86_64 | 4.1.2 | 11.96 | 163.10 | 175.06 | OK | |
r-release-linux-x86_64 | OK | |||||
r-release-macos-arm64 | 4.1.2 | 82.00 | OK | |||
r-release-macos-x86_64 | 4.1.2 | 163.00 | OK | |||
r-release-windows-x86_64 | 4.1.2 | 15.00 | 295.00 | 310.00 | OK | |
r-oldrel-macos-arm64 | 4.1.2 | 80.00 | OK | |||
r-oldrel-macos-x86_64 | 4.1.2 | 185.00 | OK | |||
r-oldrel-windows-x86_64 | 4.1.2 | 17.00 | 298.00 | 315.00 | OK |
Version: 4.1.2
Check: examples
Result: NOTE
Examples with CPU (user + system) or elapsed time > 5s
user system elapsed
ecospat.Epred 10.663 0.375 12.933
Flavor: r-devel-linux-x86_64-debian-clang
Version: 4.1.2
Check: examples
Result: NA
user system elapsed
ecospat.Epred 7.087 0.458 9.26
OK
Flavor: r-devel-linux-x86_64-debian-gcc
These binaries (installable software) and packages are in development.
They may not be fully stable and should be used with caution. We make no claims about them.