Last updated on 2025-05-02 02:50:53 CEST.
Flavor | Version | Tinstall | Tcheck | Ttotal | Status | Flags |
---|---|---|---|---|---|---|
r-devel-linux-x86_64-debian-clang | 1.2.1 | 9.42 | 324.88 | 334.30 | NOTE | |
r-devel-linux-x86_64-debian-gcc | 1.2.1 | 8.01 | 223.87 | 231.88 | OK | |
r-devel-linux-x86_64-fedora-clang | 1.2.1 | 553.54 | OK | |||
r-devel-linux-x86_64-fedora-gcc | 1.2.1 | 551.20 | OK | |||
r-devel-windows-x86_64 | 1.2.1 | 12.00 | 299.00 | 311.00 | OK | |
r-patched-linux-x86_64 | 1.2.1 | 11.35 | 312.30 | 323.65 | OK | |
r-release-linux-x86_64 | OK | |||||
r-release-macos-arm64 | 1.2.1 | 159.00 | OK | |||
r-release-macos-x86_64 | 1.2.1 | 532.00 | OK | |||
r-release-windows-x86_64 | 1.2.1 | 16.00 | 291.00 | 307.00 | OK | |
r-oldrel-macos-arm64 | 1.2.1 | 175.00 | OK | |||
r-oldrel-macos-x86_64 | 1.2.1 | 411.00 | OK | |||
r-oldrel-windows-x86_64 | 1.2.1 | 17.00 | 394.00 | 411.00 | OK |
Version: 1.2.1
Check: examples
Result: NOTE
Examples with CPU (user + system) or elapsed time > 5s
user system elapsed
plotenvelope 5.121 0.15 6.267
Flavor: r-devel-linux-x86_64-debian-clang
These binaries (installable software) and packages are in development.
They may not be fully stable and should be used with caution. We make no claims about them.