Last updated on 2025-07-25 13:50:18 CEST.
Flavor | Version | Tinstall | Tcheck | Ttotal | Status | Flags |
---|---|---|---|---|---|---|
r-devel-linux-x86_64-debian-clang | 1.1 | 2.09 | 26.45 | 28.54 | OK | |
r-devel-linux-x86_64-debian-gcc | 1.1 | 1.72 | 20.44 | 22.16 | OK | |
r-devel-linux-x86_64-fedora-clang | 1.1 | 43.28 | NOTE | |||
r-devel-linux-x86_64-fedora-gcc | 1.1 | 40.98 | NOTE | |||
r-devel-windows-x86_64 | 1.1 | 4.00 | 53.00 | 57.00 | OK | |
r-patched-linux-x86_64 | 1.1 | 2.13 | 24.85 | 26.98 | OK | |
r-release-linux-x86_64 | 1.1 | 1.70 | 25.18 | 26.88 | OK | |
r-release-macos-arm64 | 1.1 | 17.00 | OK | |||
r-release-macos-x86_64 | 1.1 | 28.00 | OK | |||
r-release-windows-x86_64 | 1.1 | 3.00 | 53.00 | 56.00 | OK | |
r-oldrel-macos-arm64 | 1.1 | 16.00 | OK | |||
r-oldrel-macos-x86_64 | 1.1 | 26.00 | OK | |||
r-oldrel-windows-x86_64 | 1.1 | 3.00 | 52.00 | 55.00 | OK |
Version: 1.1
Check: dependencies in R code
Result: NOTE
Namespace in Imports field not imported from: ‘graphics’
All declared Imports should be used.
Flavors: r-devel-linux-x86_64-fedora-clang, r-devel-linux-x86_64-fedora-gcc
These binaries (installable software) and packages are in development.
They may not be fully stable and should be used with caution. We make no claims about them.