Last updated on 2025-05-01 14:49:08 CEST.
Flavor | Version | Tinstall | Tcheck | Ttotal | Status | Flags |
---|---|---|---|---|---|---|
r-devel-linux-x86_64-debian-clang | 1.4.4 | 3.72 | 37.40 | 41.12 | NOTE | |
r-devel-linux-x86_64-debian-gcc | 1.4.4 | 2.58 | 28.27 | 30.85 | NOTE | |
r-devel-linux-x86_64-fedora-clang | 1.4.4 | 62.62 | OK | |||
r-devel-linux-x86_64-fedora-gcc | 1.4.4 | 59.23 | OK | |||
r-devel-windows-x86_64 | 1.4.4 | 5.00 | 57.00 | 62.00 | OK | |
r-patched-linux-x86_64 | 1.4.4 | 4.37 | 34.19 | 38.56 | OK | |
r-release-linux-x86_64 | OK | |||||
r-release-macos-arm64 | 1.4.4 | 27.00 | OK | |||
r-release-macos-x86_64 | 1.4.4 | 42.00 | OK | |||
r-release-windows-x86_64 | 1.4.4 | 5.00 | 62.00 | 67.00 | OK | |
r-oldrel-macos-arm64 | 1.4.4 | 23.00 | OK | |||
r-oldrel-macos-x86_64 | 1.4.4 | 33.00 | OK | |||
r-oldrel-windows-x86_64 | 1.4.4 | 5.00 | 62.00 | 67.00 | OK |
Version: 1.4.4
Check: CRAN incoming feasibility
Result: NOTE
Maintainer: ‘Benjamin L Hlina <benjamin.hlina@gmail.com>’
Package CITATION file contains call(s) to old-style personList() or
as.personList(). Please use c() on person objects instead.
Package CITATION file contains call(s) to old-style citEntry(). Please
use bibentry() instead.
Flavors: r-devel-linux-x86_64-debian-clang, r-devel-linux-x86_64-debian-gcc
These binaries (installable software) and packages are in development.
They may not be fully stable and should be used with caution. We make no claims about them.