Last updated on 2025-02-16 10:50:45 CET.
Flavor | Version | Tinstall | Tcheck | Ttotal | Status | Flags |
---|---|---|---|---|---|---|
r-devel-linux-x86_64-debian-clang | 3.1.6 | 25.97 | 36.29 | 62.26 | OK | |
r-devel-linux-x86_64-debian-gcc | 3.1.6 | 21.11 | 28.13 | 49.24 | OK | |
r-devel-linux-x86_64-fedora-clang | 3.1.6 | 108.70 | OK | |||
r-devel-linux-x86_64-fedora-gcc | 3.1.6 | 126.66 | OK | |||
r-devel-macos-arm64 | 3.1.6 | 36.00 | OK | |||
r-devel-macos-x86_64 | 3.1.6 | 63.00 | OK | |||
r-devel-windows-x86_64 | 3.1.6 | 28.00 | 86.00 | 114.00 | OK | |
r-patched-linux-x86_64 | 3.1.6 | 27.00 | 34.85 | 61.85 | OK | |
r-release-linux-x86_64 | 3.1.6 | 27.71 | 35.04 | 62.75 | OK | |
r-release-macos-arm64 | 3.1.6 | 54.00 | OK | |||
r-release-macos-x86_64 | 3.1.6 | 137.00 | OK | |||
r-release-windows-x86_64 | 3.1.6 | 28.00 | 74.00 | 102.00 | OK | |
r-oldrel-macos-arm64 | 3.1.6 | 44.00 | OK | |||
r-oldrel-macos-x86_64 | 3.1.6 | 77.00 | WARN | |||
r-oldrel-windows-x86_64 | 3.1.6 | 29.00 | 82.00 | 111.00 | OK |
Version: 3.1.6
Check: data for ASCII and uncompressed saves
Result: WARN
Error in load(p, envir = env) : empty (zero-byte) input file
Calls: <Anonymous> ... suppressPackageStartupMessages -> withCallingHandlers -> load
Execution halted
Flavor: r-oldrel-macos-x86_64
These binaries (installable software) and packages are in development.
They may not be fully stable and should be used with caution. We make no claims about them.