Last updated on 2025-02-16 10:50:45 CET.
Flavor | Version | Tinstall | Tcheck | Ttotal | Status | Flags |
---|---|---|---|---|---|---|
r-devel-linux-x86_64-debian-clang | 3.1.1 | 17.86 | 137.63 | 155.49 | NOTE | |
r-devel-linux-x86_64-debian-gcc | 3.1.1 | 9.91 | 94.75 | 104.66 | NOTE | |
r-devel-linux-x86_64-fedora-clang | 3.1.1 | 255.19 | OK | |||
r-devel-linux-x86_64-fedora-gcc | 3.1.1 | 231.54 | OK | |||
r-devel-macos-arm64 | 3.1.1 | 65.00 | OK | |||
r-devel-macos-x86_64 | 3.1.1 | 114.00 | OK | |||
r-devel-windows-x86_64 | 3.1.1 | 18.00 | 129.00 | 147.00 | NOTE | |
r-patched-linux-x86_64 | 3.1.1 | 15.69 | 126.17 | 141.86 | OK | |
r-release-linux-x86_64 | 3.1.1 | 16.94 | 127.86 | 144.80 | OK | |
r-release-macos-arm64 | 3.1.1 | 54.00 | OK | |||
r-release-macos-x86_64 | 3.1.1 | 97.00 | OK | |||
r-release-windows-x86_64 | 3.1.1 | 17.00 | 129.00 | 146.00 | OK | |
r-oldrel-macos-arm64 | 3.1.1 | 62.00 | OK | |||
r-oldrel-macos-x86_64 | 3.1.1 | 106.00 | OK | |||
r-oldrel-windows-x86_64 | 3.1.1 | 24.00 | 162.00 | 186.00 | OK |
Version: 3.1.1
Check: Rd cross-references
Result: NOTE
Found the following Rd file(s) with Rd \link{} targets missing package
anchors:
coef.ecpc.Rd: Surv
cv.ecpc.Rd: Surv
ecpc.Rd: Surv
postSelect.Rd: Surv
predict.ecpc.Rd: Surv
Please provide package anchors for all Rd \link{} targets not in the
package itself and the base packages.
Flavors: r-devel-linux-x86_64-debian-clang, r-devel-linux-x86_64-debian-gcc, r-devel-windows-x86_64
These binaries (installable software) and packages are in development.
They may not be fully stable and should be used with caution. We make no claims about them.