Last updated on 2025-07-02 01:51:35 CEST.
Flavor | Version | Tinstall | Tcheck | Ttotal | Status | Flags |
---|---|---|---|---|---|---|
r-devel-linux-x86_64-debian-clang | 2.1.1 | 23.18 | 169.90 | 193.08 | NOTE | |
r-devel-linux-x86_64-debian-gcc | 2.1.1 | 14.84 | 113.09 | 127.93 | NOTE | |
r-devel-linux-x86_64-fedora-clang | 2.1.1 | 296.48 | NOTE | |||
r-devel-linux-x86_64-fedora-gcc | 2.1.1 | 286.89 | NOTE | |||
r-devel-windows-x86_64 | 2.1.1 | 33.00 | 214.00 | 247.00 | NOTE | |
r-patched-linux-x86_64 | NOTE | |||||
r-release-linux-x86_64 | 2.1.1 | 21.64 | 167.34 | 188.98 | NOTE | |
r-release-macos-arm64 | 2.1.1 | 121.00 | NOTE | |||
r-release-macos-x86_64 | 2.1.1 | 409.00 | NOTE | |||
r-release-windows-x86_64 | 2.1.1 | 37.00 | 218.00 | 255.00 | NOTE | |
r-oldrel-macos-arm64 | 2.1.1 | 110.00 | NOTE | |||
r-oldrel-macos-x86_64 | 2.1.1 | 208.00 | NOTE | |||
r-oldrel-windows-x86_64 | 2.1.1 | 41.00 | 278.00 | 319.00 | NOTE |
Version: 2.1.1
Check: Rd files
Result: NOTE
checkRd: (-1) transformFitness.Rd:25: Lost braces; missing escapes or markup?
25 | minimization (most others). This function computes a factor from {-1, 1} for
| ^
Flavors: r-devel-linux-x86_64-debian-clang, r-devel-linux-x86_64-debian-gcc, r-devel-linux-x86_64-fedora-clang, r-devel-linux-x86_64-fedora-gcc, r-devel-windows-x86_64, r-patched-linux-x86_64, r-release-linux-x86_64, r-release-macos-arm64, r-release-macos-x86_64, r-release-windows-x86_64, r-oldrel-macos-arm64, r-oldrel-macos-x86_64, r-oldrel-windows-x86_64
These binaries (installable software) and packages are in development.
They may not be fully stable and should be used with caution. We make no claims about them.