CRAN Package Check Results for Package eda4treeR

Last updated on 2025-05-01 15:49:30 CEST.

Flavor Version Tinstall Tcheck Ttotal Status Flags
r-devel-linux-x86_64-debian-clang 1.1.0 14.84 186.75 201.59 NOTE
r-devel-linux-x86_64-debian-gcc 1.1.0 11.29 134.21 145.50 OK
r-devel-linux-x86_64-fedora-clang 1.1.0 303.99 OK
r-devel-linux-x86_64-fedora-gcc 1.1.0 305.09 OK
r-devel-windows-x86_64 1.1.0 17.00 186.00 203.00 OK
r-patched-linux-x86_64 1.1.0 13.95 188.85 202.80 OK
r-release-linux-x86_64 OK
r-release-macos-arm64 1.1.0 89.00 OK
r-release-macos-x86_64 1.1.0 180.00 OK
r-release-windows-x86_64 1.1.0 17.00 185.00 202.00 OK
r-oldrel-macos-arm64 1.1.0 55.00 OK
r-oldrel-macos-x86_64 1.1.0 83.00 OK
r-oldrel-windows-x86_64 1.1.0 20.00 250.00 270.00 OK

Check Details

Version: 1.1.0
Check: examples
Result: NOTE Examples with CPU (user + system) or elapsed time > 5s user system elapsed Exam8.1.1 51.597 0.183 66.083 Exam6.2 6.714 0.054 9.252 Exam8.2 6.649 0.028 8.062 Flavor: r-devel-linux-x86_64-debian-clang

Version: 1.1.0
Check: examples
Result: NA user system elapsed Exam8.1.1 37.155 0.226 45.263 Exam8.2 4.405 0.042 5.669 OK Flavor: r-devel-linux-x86_64-debian-gcc

These binaries (installable software) and packages are in development.
They may not be fully stable and should be used with caution. We make no claims about them.