Last updated on 2025-05-08 04:52:03 CEST.
Flavor | Version | Tinstall | Tcheck | Ttotal | Status | Flags |
---|---|---|---|---|---|---|
r-devel-linux-x86_64-debian-clang | 0.9.4 | 17.58 | 180.91 | 198.49 | NOTE | |
r-devel-linux-x86_64-debian-gcc | 0.9.4 | 12.01 | 114.12 | 126.13 | NOTE | |
r-devel-linux-x86_64-fedora-clang | 0.9.4 | 297.78 | OK | |||
r-devel-linux-x86_64-fedora-gcc | 0.9.4 | 304.00 | OK | |||
r-devel-windows-x86_64 | 0.9.4 | 18.00 | 162.00 | 180.00 | NOTE | |
r-patched-linux-x86_64 | 0.9.4 | 20.51 | 152.82 | 173.33 | NOTE | |
r-release-linux-x86_64 | 0.9.4 | 18.19 | 155.63 | 173.82 | NOTE | |
r-release-macos-arm64 | 0.9.4 | 133.00 | OK | |||
r-release-macos-x86_64 | 0.9.4 | 160.00 | OK | |||
r-release-windows-x86_64 | 0.9.4 | 21.00 | 165.00 | 186.00 | NOTE | |
r-oldrel-macos-arm64 | 0.9.4 | 77.00 | OK | |||
r-oldrel-macos-x86_64 | 0.9.4 | 107.00 | OK | |||
r-oldrel-windows-x86_64 | 0.9.4 | 28.00 | 204.00 | 232.00 | OK |
Version: 0.9.4
Check: Rd cross-references
Result: NOTE
Found the following Rd file(s) with Rd \link{} targets missing package
anchors:
filter_case_condition.Rd: dplyr_data_masking
Please provide package anchors for all Rd \link{} targets not in the
package itself and the base packages.
Flavors: r-devel-linux-x86_64-debian-clang, r-devel-linux-x86_64-debian-gcc, r-devel-windows-x86_64, r-patched-linux-x86_64, r-release-linux-x86_64, r-release-windows-x86_64
These binaries (installable software) and packages are in development.
They may not be fully stable and should be used with caution. We make no claims about them.