Last updated on 2025-02-16 10:50:45 CET.
Flavor | Version | Tinstall | Tcheck | Ttotal | Status | Flags |
---|---|---|---|---|---|---|
r-devel-linux-x86_64-debian-clang | 0.9.4 | 18.64 | 171.13 | 189.77 | NOTE | |
r-devel-linux-x86_64-debian-gcc | 0.9.4 | 13.05 | 107.36 | 120.41 | NOTE | |
r-devel-linux-x86_64-fedora-clang | 0.9.4 | 291.15 | OK | |||
r-devel-linux-x86_64-fedora-gcc | 0.9.4 | 271.23 | OK | |||
r-devel-macos-arm64 | 0.9.4 | 85.00 | OK | |||
r-devel-macos-x86_64 | 0.9.4 | 160.00 | OK | |||
r-devel-windows-x86_64 | 0.9.4 | 19.00 | 157.00 | 176.00 | NOTE | |
r-patched-linux-x86_64 | 0.9.4 | 27.43 | 143.09 | 170.52 | OK | |
r-release-linux-x86_64 | 0.9.4 | 16.15 | 144.80 | 160.95 | OK | |
r-release-macos-arm64 | 0.9.4 | 77.00 | OK | |||
r-release-macos-x86_64 | 0.9.4 | 107.00 | OK | |||
r-release-windows-x86_64 | 0.9.4 | 19.00 | 153.00 | 172.00 | OK | |
r-oldrel-macos-arm64 | 0.9.4 | 83.00 | OK | |||
r-oldrel-macos-x86_64 | 0.9.4 | 159.00 | OK | |||
r-oldrel-windows-x86_64 | 0.9.4 | 24.00 | 206.00 | 230.00 | OK |
Version: 0.9.4
Check: Rd cross-references
Result: NOTE
Found the following Rd file(s) with Rd \link{} targets missing package
anchors:
filter_case_condition.Rd: dplyr_data_masking
Please provide package anchors for all Rd \link{} targets not in the
package itself and the base packages.
Flavors: r-devel-linux-x86_64-debian-clang, r-devel-linux-x86_64-debian-gcc, r-devel-windows-x86_64
These binaries (installable software) and packages are in development.
They may not be fully stable and should be used with caution. We make no claims about them.