Last updated on 2025-02-16 10:50:45 CET.
Flavor | Version | Tinstall | Tcheck | Ttotal | Status | Flags |
---|---|---|---|---|---|---|
r-devel-linux-x86_64-debian-clang | 1.0.0 | 1.76 | 16.64 | 18.40 | NOTE | |
r-devel-linux-x86_64-debian-gcc | 1.0.0 | 1.41 | 13.74 | 15.15 | NOTE | |
r-devel-linux-x86_64-fedora-clang | 1.0.0 | 30.28 | NOTE | |||
r-devel-linux-x86_64-fedora-gcc | 1.0.0 | 27.76 | NOTE | |||
r-devel-macos-arm64 | 1.0.0 | 13.00 | NOTE | |||
r-devel-macos-x86_64 | 1.0.0 | 22.00 | NOTE | |||
r-devel-windows-x86_64 | 1.0.0 | 2.00 | 36.00 | 38.00 | NOTE | |
r-patched-linux-x86_64 | 1.0.0 | 1.81 | 16.02 | 17.83 | NOTE | |
r-release-linux-x86_64 | 1.0.0 | 1.79 | 15.72 | 17.51 | NOTE | |
r-release-macos-arm64 | 1.0.0 | 13.00 | NOTE | |||
r-release-macos-x86_64 | 1.0.0 | 19.00 | NOTE | |||
r-release-windows-x86_64 | 1.0.0 | 3.00 | 35.00 | 38.00 | NOTE | |
r-oldrel-macos-arm64 | 1.0.0 | 14.00 | OK | |||
r-oldrel-macos-x86_64 | 1.0.0 | 18.00 | OK | |||
r-oldrel-windows-x86_64 | 1.0.0 | 3.00 | 35.00 | 38.00 | OK |
Version: 1.0.0
Check: Rd files
Result: NOTE
checkRd: (-1) read.edf.Rd:30: Lost braces
30 | Kemp B., V\"{a}rri, A., Rosa, A.C., Nielsen, K.D. and Gade, J. (1992).
| ^
Flavors: r-devel-linux-x86_64-debian-clang, r-devel-linux-x86_64-debian-gcc, r-devel-linux-x86_64-fedora-clang, r-devel-linux-x86_64-fedora-gcc, r-devel-macos-arm64, r-devel-macos-x86_64, r-devel-windows-x86_64, r-patched-linux-x86_64, r-release-linux-x86_64, r-release-macos-arm64, r-release-macos-x86_64, r-release-windows-x86_64
These binaries (installable software) and packages are in development.
They may not be fully stable and should be used with caution. We make no claims about them.