CRAN Package Check Results for Package edfReader

Last updated on 2025-10-23 21:51:25 CEST.

Flavor Version Tinstall Tcheck Ttotal Status Flags
r-devel-linux-x86_64-debian-clang 1.2.1 3.55 42.26 45.81 OK
r-devel-linux-x86_64-debian-gcc 1.2.1 2.33 31.70 34.03 OK
r-devel-linux-x86_64-fedora-clang 1.2.1 11.00 65.10 76.10 OK
r-devel-linux-x86_64-fedora-gcc 1.2.1 83.24 OK
r-devel-windows-x86_64 1.2.1 4.00 57.00 61.00 OK
r-patched-linux-x86_64 1.2.1 3.07 40.83 43.90 OK
r-release-linux-x86_64 1.2.1 3.76 41.56 45.32 OK
r-release-macos-arm64 1.2.1 2.00 33.00 35.00 OK
r-release-macos-x86_64 1.2.1 3.00 55.00 58.00 OK
r-release-windows-x86_64 1.2.1 4.00 57.00 61.00 OK
r-oldrel-macos-arm64 1.2.1 2.00 28.00 30.00 NOTE
r-oldrel-macos-x86_64 1.2.1 3.00 41.00 44.00 NOTE
r-oldrel-windows-x86_64 1.2.1 8.00 72.00 80.00 NOTE

Check Details

Version: 1.2.1
Check: LazyData
Result: NOTE 'LazyData' is specified without a 'data' directory Flavors: r-oldrel-macos-arm64, r-oldrel-macos-x86_64, r-oldrel-windows-x86_64

These binaries (installable software) and packages are in development.
They may not be fully stable and should be used with caution. We make no claims about them.