CRAN Package Check Results for Package edgebundleR

Last updated on 2025-02-16 10:50:45 CET.

Flavor Version Tinstall Tcheck Ttotal Status Flags
r-devel-linux-x86_64-debian-clang 0.1.4 3.76 31.23 34.99 OK
r-devel-linux-x86_64-debian-gcc 0.1.4 2.57 24.82 27.39 OK
r-devel-linux-x86_64-fedora-clang 0.1.4 56.49 OK
r-devel-linux-x86_64-fedora-gcc 0.1.4 52.57 OK
r-devel-macos-arm64 0.1.4 21.00 OK
r-devel-macos-x86_64 0.1.4 37.00 OK
r-devel-windows-x86_64 0.1.4 6.00 51.00 57.00 OK
r-patched-linux-x86_64 0.1.4 3.29 29.89 33.18 NOTE
r-release-linux-x86_64 0.1.4 3.23 30.04 33.27 NOTE
r-release-macos-arm64 0.1.4 20.00 NOTE
r-release-macos-x86_64 0.1.4 29.00 NOTE
r-release-windows-x86_64 0.1.4 6.00 51.00 57.00 NOTE
r-oldrel-macos-arm64 0.1.4 22.00 NOTE
r-oldrel-macos-x86_64 0.1.4 31.00 NOTE
r-oldrel-windows-x86_64 0.1.4 6.00 76.00 82.00 NOTE

Check Details

Version: 0.1.4
Check: LazyData
Result: NOTE 'LazyData' is specified without a 'data' directory Flavors: r-patched-linux-x86_64, r-release-linux-x86_64, r-release-macos-arm64, r-release-macos-x86_64, r-release-windows-x86_64, r-oldrel-macos-arm64, r-oldrel-macos-x86_64, r-oldrel-windows-x86_64

These binaries (installable software) and packages are in development.
They may not be fully stable and should be used with caution. We make no claims about them.