Last updated on 2025-02-16 10:50:45 CET.
Flavor | Version | Tinstall | Tcheck | Ttotal | Status | Flags |
---|---|---|---|---|---|---|
r-devel-linux-x86_64-debian-clang | 0.2.1 | 7.53 | 96.86 | 104.39 | NOTE | |
r-devel-linux-x86_64-debian-gcc | 0.2.1 | 5.59 | 67.90 | 73.49 | NOTE | |
r-devel-linux-x86_64-fedora-clang | 0.2.1 | 180.77 | NOTE | |||
r-devel-linux-x86_64-fedora-gcc | 0.2.1 | 169.51 | NOTE | |||
r-devel-macos-arm64 | 0.2.1 | 51.00 | OK | |||
r-devel-macos-x86_64 | 0.2.1 | 107.00 | NOTE | |||
r-devel-windows-x86_64 | 0.2.1 | 9.00 | 113.00 | 122.00 | NOTE | |
r-patched-linux-x86_64 | 0.2.1 | 8.16 | 89.43 | 97.59 | OK | |
r-release-linux-x86_64 | 0.2.1 | 6.46 | 89.06 | 95.52 | OK | |
r-release-macos-arm64 | 0.2.1 | 52.00 | OK | |||
r-release-macos-x86_64 | 0.2.1 | 78.00 | OK | |||
r-release-windows-x86_64 | 0.2.1 | 11.00 | 102.00 | 113.00 | OK | |
r-oldrel-macos-arm64 | 0.2.1 | 45.00 | OK | |||
r-oldrel-macos-x86_64 | 0.2.1 | 94.00 | OK | |||
r-oldrel-windows-x86_64 | 0.2.1 | 12.00 | 129.00 | 141.00 | OK |
Version: 0.2.1
Check: DESCRIPTION meta-information
Result: NOTE
Missing dependency on R >= 4.1.0 because package code uses the pipe
|> or function shorthand \(...) syntax added in R 4.1.0.
File(s) using such syntax:
‘indicator_volunteers.R’
Flavors: r-devel-linux-x86_64-debian-clang, r-devel-linux-x86_64-debian-gcc, r-devel-linux-x86_64-fedora-clang, r-devel-linux-x86_64-fedora-gcc, r-devel-macos-x86_64, r-devel-windows-x86_64
These binaries (installable software) and packages are in development.
They may not be fully stable and should be used with caution. We make no claims about them.