CRAN Package Check Results for Package editData

Last updated on 2025-05-28 09:52:53 CEST.

Flavor Version Tinstall Tcheck Ttotal Status Flags
r-devel-linux-x86_64-debian-clang 0.1.8 4.70 44.85 49.55 OK
r-devel-linux-x86_64-debian-gcc 0.1.8 4.54 34.47 39.01 OK
r-devel-linux-x86_64-fedora-clang 0.1.8 77.74 NOTE
r-devel-linux-x86_64-fedora-gcc 0.1.8 87.35 NOTE
r-devel-windows-x86_64 0.1.8 7.00 67.00 74.00 OK
r-patched-linux-x86_64 0.1.8 5.11 41.73 46.84 OK
r-release-linux-x86_64 0.1.8 4.43 41.69 46.12 OK
r-release-macos-arm64 0.1.8 43.00 OK
r-release-macos-x86_64 0.1.8 62.00 OK
r-release-windows-x86_64 0.1.8 7.00 66.00 73.00 OK
r-oldrel-macos-arm64 0.1.8 32.00 OK
r-oldrel-macos-x86_64 0.1.8 47.00 OK
r-oldrel-windows-x86_64 0.1.8 9.00 78.00 87.00 OK

Check Details

Version: 0.1.8
Check: dependencies in R code
Result: NOTE Namespaces in Imports field not imported from: ‘dplyr’ ‘magrittr’ ‘tibble’ All declared Imports should be used. Flavors: r-devel-linux-x86_64-fedora-clang, r-devel-linux-x86_64-fedora-gcc

These binaries (installable software) and packages are in development.
They may not be fully stable and should be used with caution. We make no claims about them.