CRAN Package Check Results for Package educineq

Last updated on 2025-07-02 03:50:40 CEST.

Flavor Version Tinstall Tcheck Ttotal Status Flags
r-devel-linux-x86_64-debian-clang 0.1.0 11.44 95.59 107.03 NOTE
r-devel-linux-x86_64-debian-gcc 0.1.0 8.45 64.74 73.19 NOTE
r-devel-linux-x86_64-fedora-clang 0.1.0 163.30 OK
r-devel-linux-x86_64-fedora-gcc 0.1.0 150.52 OK
r-devel-windows-x86_64 0.1.0 12.00 97.00 109.00 OK
r-patched-linux-x86_64 OK
r-release-linux-x86_64 0.1.0 11.48 85.99 97.47 OK
r-release-macos-arm64 0.1.0 43.00 OK
r-release-macos-x86_64 0.1.0 148.00 OK
r-release-windows-x86_64 0.1.0 13.00 97.00 110.00 OK
r-oldrel-macos-arm64 0.1.0 44.00 OK
r-oldrel-macos-x86_64 0.1.0 74.00 OK
r-oldrel-windows-x86_64 0.1.0 17.00 118.00 135.00 OK

Check Details

Version: 0.1.0
Check: CRAN incoming feasibility
Result: NOTE Maintainer: ‘Vanesa Jorda <jordav@unican.es>’ Found the following (possibly) invalid file URIs: URI: www.educationdata.unican.es From: man/ineq_female15a.Rd URI: www.educationdata.unican.es From: man/ineq_female25a.Rd URI: www.educationdata.unican.es From: man/ineq_male15a.Rd URI: www.educationdata.unican.es From: man/ineq_male25a.Rd URI: www.educationdata.unican.es From: man/ineq_total15a.Rd URI: www.educationdata.unican.es From: man/ineq_total25a.Rd Flavors: r-devel-linux-x86_64-debian-clang, r-devel-linux-x86_64-debian-gcc

These binaries (installable software) and packages are in development.
They may not be fully stable and should be used with caution. We make no claims about them.