Last updated on 2025-05-03 22:49:52 CEST.
Flavor | Version | Tinstall | Tcheck | Ttotal | Status | Flags |
---|---|---|---|---|---|---|
r-devel-linux-x86_64-debian-clang | 0.1.0 | 12.18 | 94.58 | 106.76 | NOTE | |
r-devel-linux-x86_64-debian-gcc | 0.1.0 | 8.02 | 65.94 | 73.96 | NOTE | |
r-devel-linux-x86_64-fedora-clang | 0.1.0 | 154.11 | OK | |||
r-devel-linux-x86_64-fedora-gcc | 0.1.0 | 162.43 | OK | |||
r-devel-windows-x86_64 | 0.1.0 | 13.00 | 96.00 | 109.00 | OK | |
r-patched-linux-x86_64 | 0.1.0 | 12.07 | 87.13 | 99.20 | OK | |
r-release-linux-x86_64 | OK | |||||
r-release-macos-arm64 | 0.1.0 | 43.00 | OK | |||
r-release-macos-x86_64 | 0.1.0 | 148.00 | OK | |||
r-release-windows-x86_64 | 0.1.0 | 14.00 | 95.00 | 109.00 | OK | |
r-oldrel-macos-arm64 | 0.1.0 | 44.00 | OK | |||
r-oldrel-macos-x86_64 | 0.1.0 | 74.00 | OK | |||
r-oldrel-windows-x86_64 | 0.1.0 | 16.00 | 123.00 | 139.00 | OK |
Version: 0.1.0
Check: CRAN incoming feasibility
Result: NOTE
Maintainer: ‘Vanesa Jorda <jordav@unican.es>’
Found the following (possibly) invalid file URIs:
URI: www.educationdata.unican.es
From: man/ineq_female15a.Rd
URI: www.educationdata.unican.es
From: man/ineq_female25a.Rd
URI: www.educationdata.unican.es
From: man/ineq_male15a.Rd
URI: www.educationdata.unican.es
From: man/ineq_male25a.Rd
URI: www.educationdata.unican.es
From: man/ineq_total15a.Rd
URI: www.educationdata.unican.es
From: man/ineq_total25a.Rd
Flavors: r-devel-linux-x86_64-debian-clang, r-devel-linux-x86_64-debian-gcc
These binaries (installable software) and packages are in development.
They may not be fully stable and should be used with caution. We make no claims about them.