CRAN Package Check Results for Package eeptools

Last updated on 2025-05-01 14:49:08 CEST.

Flavor Version Tinstall Tcheck Ttotal Status Flags
r-devel-linux-x86_64-debian-clang 1.2.5 12.47 133.83 146.30 NOTE
r-devel-linux-x86_64-debian-gcc 1.2.5 9.68 93.83 103.51 NOTE
r-devel-linux-x86_64-fedora-clang 1.2.5 209.62 OK
r-devel-linux-x86_64-fedora-gcc 1.2.5 209.73 OK
r-devel-windows-x86_64 1.2.5 14.00 136.00 150.00 NOTE
r-patched-linux-x86_64 1.2.5 11.69 122.14 133.83 NOTE
r-release-linux-x86_64 NOTE
r-release-macos-arm64 1.2.5 85.00 OK
r-release-macos-x86_64 1.2.5 123.00 OK
r-release-windows-x86_64 1.2.5 14.00 145.00 159.00 NOTE
r-oldrel-macos-arm64 1.2.5 68.00 OK
r-oldrel-macos-x86_64 1.2.5 93.00 OK
r-oldrel-windows-x86_64 1.2.5 16.00 170.00 186.00 OK

Check Details

Version: 1.2.5
Check: Rd cross-references
Result: NOTE Found the following Rd file(s) with Rd \link{} targets missing package anchors: crosstabplot.Rd: mosaic gelmansim.Rd: sim moves_calc.Rd: data.table profpoly.Rd: geom_polygon profpoly.data.Rd: geom_polygon theme_dpi.Rd: theme_bw theme_dpi_map.Rd: theme_bw theme_dpi_map2.Rd: theme_bw theme_dpi_mapPNG.Rd: theme_bw Please provide package anchors for all Rd \link{} targets not in the package itself and the base packages. Flavors: r-devel-linux-x86_64-debian-clang, r-devel-linux-x86_64-debian-gcc, r-devel-windows-x86_64, r-patched-linux-x86_64, r-release-linux-x86_64, r-release-windows-x86_64

These binaries (installable software) and packages are in development.
They may not be fully stable and should be used with caution. We make no claims about them.