Last updated on 2025-02-16 10:50:45 CET.
Flavor | Version | Tinstall | Tcheck | Ttotal | Status | Flags |
---|---|---|---|---|---|---|
r-devel-linux-x86_64-debian-clang | 1.2.5 | 11.24 | 120.28 | 131.52 | NOTE | |
r-devel-linux-x86_64-debian-gcc | 1.2.5 | 9.26 | 86.87 | 96.13 | NOTE | |
r-devel-linux-x86_64-fedora-clang | 1.2.5 | 212.55 | OK | |||
r-devel-linux-x86_64-fedora-gcc | 1.2.5 | 208.09 | OK | |||
r-devel-macos-arm64 | 1.2.5 | 63.00 | OK | |||
r-devel-macos-x86_64 | 1.2.5 | 132.00 | OK | |||
r-devel-windows-x86_64 | 1.2.5 | 13.00 | 124.00 | 137.00 | NOTE | |
r-patched-linux-x86_64 | 1.2.5 | 14.64 | 112.46 | 127.10 | OK | |
r-release-linux-x86_64 | 1.2.5 | 9.55 | 111.60 | 121.15 | OK | |
r-release-macos-arm64 | 1.2.5 | 68.00 | OK | |||
r-release-macos-x86_64 | 1.2.5 | 93.00 | OK | |||
r-release-windows-x86_64 | 1.2.5 | 13.00 | 126.00 | 139.00 | OK | |
r-oldrel-macos-arm64 | 1.2.5 | 62.00 | OK | |||
r-oldrel-macos-x86_64 | 1.2.5 | 153.00 | OK | |||
r-oldrel-windows-x86_64 | 1.2.5 | 18.00 | 160.00 | 178.00 | OK |
Version: 1.2.5
Check: Rd cross-references
Result: NOTE
Found the following Rd file(s) with Rd \link{} targets missing package
anchors:
crosstabplot.Rd: mosaic
gelmansim.Rd: sim
moves_calc.Rd: data.table
profpoly.Rd: geom_polygon
profpoly.data.Rd: geom_polygon
theme_dpi.Rd: theme_bw
theme_dpi_map.Rd: theme_bw
theme_dpi_map2.Rd: theme_bw
theme_dpi_mapPNG.Rd: theme_bw
Please provide package anchors for all Rd \link{} targets not in the
package itself and the base packages.
Flavors: r-devel-linux-x86_64-debian-clang, r-devel-linux-x86_64-debian-gcc, r-devel-windows-x86_64
These binaries (installable software) and packages are in development.
They may not be fully stable and should be used with caution. We make no claims about them.