Last updated on 2025-02-21 15:51:47 CET.
Flavor | Version | Tinstall | Tcheck | Ttotal | Status | Flags |
---|---|---|---|---|---|---|
r-devel-linux-x86_64-debian-clang | 0.1.0 | 4.98 | 228.04 | 233.02 | NOTE | |
r-devel-linux-x86_64-debian-gcc | 0.1.0 | 3.64 | 175.01 | 178.65 | NOTE | |
r-devel-linux-x86_64-fedora-clang | 0.1.0 | 356.43 | NOTE | |||
r-devel-linux-x86_64-fedora-gcc | 0.1.0 | 376.90 | NOTE | |||
r-devel-macos-arm64 | 0.1.0 | 185.00 | NOTE | |||
r-devel-macos-x86_64 | 0.1.0 | 438.00 | NOTE | |||
r-devel-windows-x86_64 | 0.1.0 | 7.00 | 240.00 | 247.00 | NOTE | |
r-patched-linux-x86_64 | 0.1.0 | 5.17 | 211.01 | 216.18 | NOTE | |
r-release-linux-x86_64 | 0.1.0 | 4.88 | 210.71 | 215.59 | NOTE | |
r-release-macos-arm64 | 0.1.0 | 167.00 | NOTE | |||
r-release-macos-x86_64 | 0.1.0 | 380.00 | NOTE | |||
r-release-windows-x86_64 | 0.1.0 | 7.00 | 244.00 | 251.00 | NOTE | |
r-oldrel-macos-arm64 | 0.1.0 | 181.00 | NOTE | |||
r-oldrel-macos-x86_64 | 0.1.0 | 263.00 | NOTE | |||
r-oldrel-windows-x86_64 | 0.1.0 | 8.00 | 286.00 | 294.00 | NOTE |
Version: 0.1.0
Check: Rd files
Result: NOTE
checkRd: (-1) eesim.Rd:148-151: Lost braces in \itemize; \value handles \item{}{} directly
checkRd: (-1) eesim.Rd:152-155: Lost braces in \itemize; \value handles \item{}{} directly
checkRd: (-1) eesim.Rd:156-158: Lost braces in \itemize; \value handles \item{}{} directly
Flavors: r-devel-linux-x86_64-debian-clang, r-devel-linux-x86_64-debian-gcc, r-devel-linux-x86_64-fedora-clang, r-devel-linux-x86_64-fedora-gcc, r-devel-macos-arm64, r-devel-macos-x86_64, r-devel-windows-x86_64, r-patched-linux-x86_64, r-release-linux-x86_64, r-release-macos-arm64, r-release-macos-x86_64, r-release-windows-x86_64
Version: 0.1.0
Check: LazyData
Result: NOTE
'LazyData' is specified without a 'data' directory
Flavors: r-patched-linux-x86_64, r-release-linux-x86_64, r-release-macos-arm64, r-release-macos-x86_64, r-release-windows-x86_64, r-oldrel-macos-arm64, r-oldrel-macos-x86_64, r-oldrel-windows-x86_64
These binaries (installable software) and packages are in development.
They may not be fully stable and should be used with caution. We make no claims about them.