Last updated on 2025-10-03 13:49:32 CEST.
Flavor | Version | Tinstall | Tcheck | Ttotal | Status | Flags |
---|---|---|---|---|---|---|
r-devel-linux-x86_64-debian-clang | 1.2.0 | 72.40 | 71.92 | 144.32 | OK | |
r-devel-linux-x86_64-debian-gcc | 1.2.0 | 64.96 | 55.96 | 120.92 | OK | |
r-devel-linux-x86_64-fedora-clang | 1.2.0 | 227.66 | OK | |||
r-devel-linux-x86_64-fedora-gcc | 1.2.0 | 273.24 | OK | |||
r-devel-windows-x86_64 | 1.2.0 | 84.00 | 100.00 | 184.00 | OK | |
r-patched-linux-x86_64 | 1.2.0 | 87.94 | 71.30 | 159.24 | OK | |
r-release-linux-x86_64 | 1.2.0 | 90.01 | 72.20 | 162.21 | OK | |
r-release-macos-arm64 | 1.2.0 | 91.00 | OK | |||
r-release-macos-x86_64 | 1.2.0 | 138.00 | OK | |||
r-release-windows-x86_64 | 1.2.0 | 82.00 | 104.00 | 186.00 | OK | |
r-oldrel-macos-arm64 | 1.2.0 | 63.00 | NOTE | |||
r-oldrel-macos-x86_64 | 1.2.0 | 104.00 | NOTE | |||
r-oldrel-windows-x86_64 | 1.2.0 | 99.00 | 127.00 | 226.00 | NOTE |
Version: 1.2.0
Check: installed package size
Result: NOTE
installed size is 41.6Mb
sub-directories of 1Mb or more:
libs 41.4Mb
Flavors: r-oldrel-macos-arm64, r-oldrel-macos-x86_64, r-oldrel-windows-x86_64
These binaries (installable software) and packages are in development.
They may not be fully stable and should be used with caution. We make no claims about them.