Last updated on 2025-02-23 07:51:51 CET.
Flavor | Version | Tinstall | Tcheck | Ttotal | Status | Flags |
---|---|---|---|---|---|---|
r-devel-linux-x86_64-debian-clang | 1.2.0 | 71.03 | 72.28 | 143.31 | OK | |
r-devel-linux-x86_64-debian-gcc | 1.2.0 | 67.22 | 55.50 | 122.72 | OK | |
r-devel-linux-x86_64-fedora-clang | 1.2.0 | 229.97 | OK | |||
r-devel-linux-x86_64-fedora-gcc | 1.2.0 | 268.26 | OK | |||
r-devel-macos-arm64 | 1.2.0 | 66.00 | OK | |||
r-devel-macos-x86_64 | 1.2.0 | 150.00 | OK | |||
r-devel-windows-x86_64 | 1.2.0 | 74.00 | 105.00 | 179.00 | OK | |
r-patched-linux-x86_64 | 1.2.0 | 85.52 | 70.35 | 155.87 | OK | |
r-release-linux-x86_64 | 1.2.0 | 84.43 | 69.08 | 153.51 | OK | |
r-release-macos-arm64 | 1.2.0 | 63.00 | NOTE | |||
r-release-macos-x86_64 | 1.2.0 | 104.00 | NOTE | |||
r-release-windows-x86_64 | 1.2.0 | 77.00 | 99.00 | 176.00 | NOTE | |
r-oldrel-macos-arm64 | 1.2.0 | 74.00 | NOTE | |||
r-oldrel-macos-x86_64 | 1.2.0 | 111.00 | NOTE | |||
r-oldrel-windows-x86_64 | 1.2.0 | 95.00 | 126.00 | 221.00 | NOTE |
Version: 1.2.0
Check: installed package size
Result: NOTE
installed size is 41.6Mb
sub-directories of 1Mb or more:
libs 41.4Mb
Flavors: r-release-macos-arm64, r-release-macos-x86_64, r-release-windows-x86_64, r-oldrel-macos-arm64, r-oldrel-macos-x86_64, r-oldrel-windows-x86_64
These binaries (installable software) and packages are in development.
They may not be fully stable and should be used with caution. We make no claims about them.