Last updated on 2025-05-01 14:49:08 CEST.
Flavor | Version | Tinstall | Tcheck | Ttotal | Status | Flags |
---|---|---|---|---|---|---|
r-devel-linux-x86_64-debian-clang | 1.0.2 | 2.04 | 49.67 | 51.71 | NOTE | |
r-devel-linux-x86_64-debian-gcc | 1.0.2 | 1.35 | 37.10 | 38.45 | OK | |
r-devel-linux-x86_64-fedora-clang | 1.0.2 | 84.94 | OK | |||
r-devel-linux-x86_64-fedora-gcc | 1.0.2 | 90.00 | OK | |||
r-devel-windows-x86_64 | 1.0.2 | 4.00 | 71.00 | 75.00 | OK | |
r-patched-linux-x86_64 | 1.0.2 | 2.10 | 45.22 | 47.32 | OK | |
r-release-linux-x86_64 | OK | |||||
r-release-macos-arm64 | 1.0.2 | 36.00 | OK | |||
r-release-macos-x86_64 | 1.0.2 | 76.00 | OK | |||
r-release-windows-x86_64 | 1.0.2 | 4.00 | 75.00 | 79.00 | OK | |
r-oldrel-macos-arm64 | 1.0.2 | 31.00 | OK | |||
r-oldrel-macos-x86_64 | 1.0.2 | 53.00 | OK | |||
r-oldrel-windows-x86_64 | 1.0.2 | 4.00 | 78.00 | 82.00 | OK |
Version: 1.0.2
Check: examples
Result: NOTE
Examples with CPU (user + system) or elapsed time > 5s
user system elapsed
estimateEffect 6.949 0.107 9.467
Flavor: r-devel-linux-x86_64-debian-clang
Version: 1.0.2
Check: examples
Result: NA
user system elapsed
estimateEffect 4.739 0.418 6.08
OK
Flavor: r-devel-linux-x86_64-debian-gcc
These binaries (installable software) and packages are in development.
They may not be fully stable and should be used with caution. We make no claims about them.