Last updated on 2025-10-23 11:50:12 CEST.
Flavor | Version | Tinstall | Tcheck | Ttotal | Status | Flags |
---|---|---|---|---|---|---|
r-devel-linux-x86_64-debian-clang | 1.0.1 | 8.54 | 341.03 | 349.57 | NOTE | |
r-devel-linux-x86_64-debian-gcc | 1.0.1 | 6.45 | 240.01 | 246.46 | OK | |
r-devel-linux-x86_64-fedora-clang | 1.0.1 | 46.00 | 560.00 | 606.00 | OK | |
r-devel-linux-x86_64-fedora-gcc | 1.0.1 | 18.00 | 555.04 | 573.04 | OK | |
r-devel-windows-x86_64 | 1.0.1 | 13.00 | 286.00 | 299.00 | OK | |
r-patched-linux-x86_64 | 1.0.1 | 11.64 | 329.24 | 340.88 | OK | |
r-release-linux-x86_64 | 1.0.1 | 7.83 | 333.51 | 341.34 | OK | |
r-release-macos-arm64 | 1.0.1 | 6.00 | 123.00 | 129.00 | OK | |
r-release-macos-x86_64 | 1.0.1 | 11.00 | 248.00 | 259.00 | OK | |
r-release-windows-x86_64 | 1.0.1 | 16.00 | 290.00 | 306.00 | OK | |
r-oldrel-macos-arm64 | 1.0.1 | 5.00 | 126.00 | 131.00 | OK | |
r-oldrel-macos-x86_64 | 1.0.1 | 20.00 | 229.00 | 249.00 | OK | |
r-oldrel-windows-x86_64 | 1.0.1 | 21.00 | 371.00 | 392.00 | OK |
Version: 1.0.1
Check: HTML version of manual
Result: NOTE
Found the following HTML validation problems:
effectsize_API.html:95:1 (effectsize_API.Rd:54): Warning: missing </ul> before </div>
effectsize_deprecated.html:60:1 (effectsize_deprecated.Rd:32): Warning: missing </ul> before </div>
is_effectsize_name.html:63:1 (is_effectsize_name.Rd:25): Warning: missing </ul> before </div>
Flavor: r-devel-linux-x86_64-debian-clang
These binaries (installable software) and packages are in development.
They may not be fully stable and should be used with caution. We make no claims about them.