Last updated on 2025-02-16 10:50:45 CET.
Flavor | Version | Tinstall | Tcheck | Ttotal | Status | Flags |
---|---|---|---|---|---|---|
r-devel-linux-x86_64-debian-clang | 1.24.2 | 15.61 | 225.28 | 240.89 | NOTE | |
r-devel-linux-x86_64-debian-gcc | 1.24.2 | 10.56 | 150.16 | 160.72 | NOTE | |
r-devel-linux-x86_64-fedora-clang | 1.24.2 | 399.55 | NOTE | |||
r-devel-linux-x86_64-fedora-gcc | 1.24.2 | 380.14 | NOTE | |||
r-devel-macos-arm64 | 1.24.2 | 116.00 | OK | |||
r-devel-macos-x86_64 | 1.24.2 | 295.00 | NOTE | |||
r-devel-windows-x86_64 | 1.24.2 | 17.00 | 204.00 | 221.00 | NOTE | |
r-patched-linux-x86_64 | 1.24.2 | 20.15 | 210.18 | 230.33 | OK | |
r-release-linux-x86_64 | 1.24.2 | 14.70 | 211.83 | 226.53 | OK | |
r-release-macos-arm64 | 1.24.2 | 105.00 | OK | |||
r-release-macos-x86_64 | 1.24.2 | 344.00 | OK | |||
r-release-windows-x86_64 | 1.24.2 | 16.00 | 200.00 | 216.00 | OK | |
r-oldrel-macos-arm64 | 1.24.2 | 105.00 | OK | |||
r-oldrel-macos-x86_64 | 1.24.2 | 212.00 | OK | |||
r-oldrel-windows-x86_64 | 1.24.2 | 25.00 | 274.00 | 299.00 | OK |
Version: 1.24.2
Check: DESCRIPTION meta-information
Result: NOTE
Missing dependency on R >= 4.1.0 because package code uses the pipe
|> or function shorthand \(...) syntax added in R 4.1.0.
File(s) using such syntax:
‘clustered.graphs.R’
Flavors: r-devel-linux-x86_64-debian-clang, r-devel-linux-x86_64-debian-gcc, r-devel-linux-x86_64-fedora-clang, r-devel-linux-x86_64-fedora-gcc, r-devel-macos-x86_64, r-devel-windows-x86_64
Version: 1.24.2
Check: Rd cross-references
Result: NOTE
Found the following Rd file(s) with Rd \link{} targets missing package
anchors:
as_tibble.egor.Rd: tbl_svy, as_tibble, as_survey
egor.Rd: as_tibble, tibble, tbl_svy
rowlist.Rd: tibble
Please provide package anchors for all Rd \link{} targets not in the
package itself and the base packages.
Flavors: r-devel-linux-x86_64-debian-clang, r-devel-linux-x86_64-debian-gcc, r-devel-windows-x86_64
These binaries (installable software) and packages are in development.
They may not be fully stable and should be used with caution. We make no claims about them.