CRAN Package Check Results for Package ei.Datasets

Last updated on 2025-07-01 11:49:17 CEST.

Flavor Version Tinstall Tcheck Ttotal Status Flags
r-devel-linux-x86_64-debian-clang 0.0.1-3 4.97 34.15 39.12 NOTE
r-devel-linux-x86_64-debian-gcc 0.0.1-3 3.57 25.64 29.21 NOTE
r-devel-linux-x86_64-fedora-clang 0.0.1-3 60.29 OK
r-devel-linux-x86_64-fedora-gcc 0.0.1-3 56.92 OK
r-devel-windows-x86_64 0.0.1-3 7.00 53.00 60.00 OK
r-patched-linux-x86_64 OK
r-release-linux-x86_64 0.0.1-3 4.61 31.86 36.47 OK
r-release-macos-arm64 0.0.1-3 26.00 OK
r-release-macos-x86_64 0.0.1-3 41.00 OK
r-release-windows-x86_64 0.0.1-3 7.00 53.00 60.00 OK
r-oldrel-macos-arm64 0.0.1-3 23.00 OK
r-oldrel-macos-x86_64 0.0.1-3 33.00 OK
r-oldrel-windows-x86_64 0.0.1-3 8.00 59.00 67.00 OK

Check Details

Version: 0.0.1-3
Check: CRAN incoming feasibility
Result: NOTE Maintainer: ‘Jose M. Pavía <jose.m.pavia@uv.es>’ Package CITATION file contains call(s) to old-style personList() or as.personList(). Please use c() on person objects instead. Package CITATION file contains call(s) to old-style citEntry(). Please use bibentry() instead. Flavors: r-devel-linux-x86_64-debian-clang, r-devel-linux-x86_64-debian-gcc

These binaries (installable software) and packages are in development.
They may not be fully stable and should be used with caution. We make no claims about them.