Last updated on 2025-11-12 11:51:12 CET.
| Flavor | Version | Tinstall | Tcheck | Ttotal | Status | Flags |
|---|---|---|---|---|---|---|
| r-devel-linux-x86_64-debian-clang | 1.3-3 | 13.31 | 126.90 | 140.21 | NOTE | |
| r-devel-linux-x86_64-debian-gcc | 1.3-3 | 9.43 | 87.07 | 96.50 | NOTE | |
| r-devel-linux-x86_64-fedora-clang | 1.3-3 | 28.00 | 192.78 | 220.78 | OK | |
| r-devel-linux-x86_64-fedora-gcc | 1.3-3 | 34.00 | 185.09 | 219.09 | OK | |
| r-devel-windows-x86_64 | 1.3-3 | 15.00 | 139.00 | 154.00 | OK | |
| r-patched-linux-x86_64 | 1.3-3 | 13.55 | 117.54 | 131.09 | OK | |
| r-release-linux-x86_64 | 1.3-3 | 13.89 | 117.30 | 131.19 | OK | |
| r-release-macos-arm64 | 1.3-3 | 9.00 | 73.00 | 82.00 | OK | |
| r-release-macos-x86_64 | 1.3-3 | 12.00 | 111.00 | 123.00 | OK | |
| r-release-windows-x86_64 | 1.3-3 | 15.00 | 127.00 | 142.00 | OK | |
| r-oldrel-macos-arm64 | 1.3-3 | 5.00 | 49.00 | 54.00 | OK | |
| r-oldrel-macos-x86_64 | 1.3-3 | 8.00 | 82.00 | 90.00 | OK | |
| r-oldrel-windows-x86_64 | 1.3-3 | 20.00 | 160.00 | 180.00 | OK |
Version: 1.3-3
Check: CRAN incoming feasibility
Result: NOTE
Maintainer: ‘James Honaker <zelig.zee@gmail.com>’
No Authors@R field in DESCRIPTION.
Please add one, modifying
Authors@R: c(person(given = "Gary",
family = "King",
role = "aut",
email = "king@harvard.edu"),
person(given = "Molly",
family = "Roberts",
role = "aut",
email = "molly.e.roberts@gmail.com"),
person(given = "James",
family = "Honaker",
role = "cre",
email = "zelig.zee@gmail.com"))
as necessary.
Flavors: r-devel-linux-x86_64-debian-clang, r-devel-linux-x86_64-debian-gcc
These binaries (installable software) and packages are in development.
They may not be fully stable and should be used with caution. We make no claims about them.