CRAN Package Check Results for Package eia

Last updated on 2025-05-08 04:52:04 CEST.

Flavor Version Tinstall Tcheck Ttotal Status Flags
r-devel-linux-x86_64-debian-clang 0.4.2 4.59 44.44 49.03 NOTE
r-devel-linux-x86_64-debian-gcc 0.4.2 2.52 33.97 36.49 NOTE
r-devel-linux-x86_64-fedora-clang 0.4.2 74.38 NOTE
r-devel-linux-x86_64-fedora-gcc 0.4.2 90.25 NOTE
r-devel-windows-x86_64 0.4.2 6.00 63.00 69.00 NOTE
r-patched-linux-x86_64 0.4.2 4.18 40.23 44.41 NOTE
r-release-linux-x86_64 0.4.2 3.82 40.74 44.56 NOTE
r-release-macos-arm64 0.4.2 37.00 NOTE
r-release-macos-x86_64 0.4.2 63.00 NOTE
r-release-windows-x86_64 0.4.2 6.00 61.00 67.00 NOTE
r-oldrel-macos-arm64 0.4.2 34.00 OK
r-oldrel-macos-x86_64 0.4.2 46.00 OK
r-oldrel-windows-x86_64 0.4.2 7.00 68.00 75.00 OK

Check Details

Version: 0.4.2
Check: DESCRIPTION meta-information
Result: NOTE Missing dependency on R >= 4.1.0 because package code uses the pipe |> or function shorthand \(...) syntax added in R 4.1.0. File(s) using such syntax: ‘directory.R’ ‘facets.R’ ‘metadata.R’ Flavors: r-devel-linux-x86_64-debian-clang, r-devel-linux-x86_64-debian-gcc, r-devel-linux-x86_64-fedora-clang, r-devel-linux-x86_64-fedora-gcc, r-devel-windows-x86_64, r-patched-linux-x86_64, r-release-linux-x86_64, r-release-macos-arm64, r-release-macos-x86_64, r-release-windows-x86_64

These binaries (installable software) and packages are in development.
They may not be fully stable and should be used with caution. We make no claims about them.