Last updated on 2025-05-21 21:49:16 CEST.
Flavor | Version | Tinstall | Tcheck | Ttotal | Status | Flags |
---|---|---|---|---|---|---|
r-devel-linux-x86_64-debian-clang | 0.2.4 | 100.93 | 27.88 | 128.81 | OK | |
r-devel-linux-x86_64-debian-gcc | 0.2.4 | 90.53 | 29.21 | 119.74 | OK | |
r-devel-linux-x86_64-fedora-clang | 0.2.4 | 212.67 | OK | |||
r-devel-linux-x86_64-fedora-gcc | 0.2.4 | 322.49 | OK | |||
r-devel-windows-x86_64 | 0.2.4 | 110.00 | 92.00 | 202.00 | OK | |
r-patched-linux-x86_64 | 0.2.4 | 117.10 | 35.92 | 153.02 | OK | |
r-release-linux-x86_64 | 0.2.4 | 122.28 | 36.10 | 158.38 | OK | |
r-release-macos-arm64 | 0.2.4 | 86.00 | OK | |||
r-release-macos-x86_64 | 0.2.4 | 142.00 | OK | |||
r-release-windows-x86_64 | 0.2.4 | 108.00 | 94.00 | 202.00 | OK | |
r-oldrel-macos-arm64 | 0.2.4 | 83.00 | NOTE | |||
r-oldrel-macos-x86_64 | 0.2.4 | 169.00 | NOTE | |||
r-oldrel-windows-x86_64 | 0.2.4 | 126.00 | 91.00 | 217.00 | OK |
Version: 0.2.4
Check: installed package size
Result: NOTE
installed size is 50.5Mb
sub-directories of 1Mb or more:
libs 49.5Mb
Flavors: r-oldrel-macos-arm64, r-oldrel-macos-x86_64
These binaries (installable software) and packages are in development.
They may not be fully stable and should be used with caution. We make no claims about them.