CRAN Package Check Results for Package einsum

Last updated on 2025-05-01 08:52:31 CEST.

Flavor Version Tinstall Tcheck Ttotal Status Flags
r-devel-linux-x86_64-debian-clang 0.1.2 10.66 92.06 102.72 NOTE
r-devel-linux-x86_64-debian-gcc 0.1.2 7.76 68.25 76.01 OK
r-devel-linux-x86_64-fedora-clang 0.1.2 188.37 NOTE
r-devel-linux-x86_64-fedora-gcc 0.1.2 210.11 NOTE
r-devel-windows-x86_64 0.1.2 14.00 165.00 179.00 OK
r-patched-linux-x86_64 0.1.2 11.75 90.79 102.54 OK
r-release-linux-x86_64 OK
r-release-macos-arm64 0.1.2 59.00 OK
r-release-macos-x86_64 0.1.2 120.00 OK
r-release-windows-x86_64 0.1.2 14.00 177.00 191.00 OK
r-oldrel-macos-arm64 0.1.2 64.00 OK
r-oldrel-macos-x86_64 0.1.2 121.00 OK
r-oldrel-windows-x86_64 0.1.2 14.00 176.00 190.00 OK

Check Details

Version: 0.1.2
Check: examples
Result: NOTE Examples with CPU (user + system) or elapsed time > 5s user system elapsed einsum 5.316 0.279 7.388 Flavor: r-devel-linux-x86_64-debian-clang

Version: 0.1.2
Check: dependencies in R code
Result: NOTE Namespace in Imports field not imported from: ‘mathjaxr’ All declared Imports should be used. Flavors: r-devel-linux-x86_64-fedora-clang, r-devel-linux-x86_64-fedora-gcc

These binaries (installable software) and packages are in development.
They may not be fully stable and should be used with caution. We make no claims about them.