Last updated on 2025-05-01 14:49:08 CEST.
Flavor | Version | Tinstall | Tcheck | Ttotal | Status | Flags |
---|---|---|---|---|---|---|
r-devel-linux-x86_64-debian-clang | 1.0.7 | 16.69 | 185.83 | 202.52 | NOTE | |
r-devel-linux-x86_64-debian-gcc | 1.0.7 | 11.65 | 128.16 | 139.81 | OK | |
r-devel-linux-x86_64-fedora-clang | 1.0.7 | 330.15 | OK | |||
r-devel-linux-x86_64-fedora-gcc | 1.0.7 | 317.74 | OK | |||
r-devel-windows-x86_64 | 1.0.7 | 17.00 | 176.00 | 193.00 | OK | |
r-patched-linux-x86_64 | 1.0.7 | 15.44 | 173.67 | 189.11 | OK | |
r-release-linux-x86_64 | OK | |||||
r-release-macos-arm64 | 1.0.7 | 100.00 | OK | |||
r-release-macos-x86_64 | 1.0.7 | 180.00 | OK | |||
r-release-windows-x86_64 | 1.0.7 | 18.00 | 178.00 | 196.00 | OK | |
r-oldrel-macos-arm64 | 1.0.7 | 90.00 | OK | |||
r-oldrel-macos-x86_64 | 1.0.7 | 201.00 | OK | |||
r-oldrel-windows-x86_64 | 1.0.7 | 19.00 | 232.00 | 251.00 | OK |
Version: 1.0.7
Check: examples
Result: NOTE
Examples with CPU (user + system) or elapsed time > 5s
user system elapsed
tidyst_kde_boundary 7.589 0.047 10.169
Flavor: r-devel-linux-x86_64-debian-clang
Version: 1.0.7
Check: examples
Result: NA
user system elapsed
tidyst_kde_boundary 5.016 0.166 5.857
OK
Flavor: r-devel-linux-x86_64-debian-gcc
These binaries (installable software) and packages are in development.
They may not be fully stable and should be used with caution. We make no claims about them.