Last updated on 2025-11-11 19:51:38 CET.
| Flavor | Version | Tinstall | Tcheck | Ttotal | Status | Flags |
|---|---|---|---|---|---|---|
| r-devel-linux-x86_64-debian-clang | 1.0.1 | 1.18 | 14.95 | 16.13 | NOTE | |
| r-devel-linux-x86_64-debian-gcc | 1.0.1 | 1.07 | 12.25 | 13.32 | NOTE | |
| r-devel-linux-x86_64-fedora-clang | 1.0.1 | 21.92 | OK | |||
| r-devel-linux-x86_64-fedora-gcc | 1.0.1 | 21.57 | OK | |||
| r-devel-windows-x86_64 | 1.0.1 | 2.00 | 30.00 | 32.00 | OK | |
| r-patched-linux-x86_64 | 1.0.1 | 1.20 | 13.51 | 14.71 | OK | |
| r-release-linux-x86_64 | 1.0.1 | 0.76 | 13.40 | 14.16 | OK | |
| r-release-macos-arm64 | 1.0.1 | 1.00 | 13.00 | 14.00 | OK | |
| r-release-macos-x86_64 | 1.0.1 | 1.00 | 24.00 | 25.00 | OK | |
| r-release-windows-x86_64 | 1.0.1 | 2.00 | 30.00 | 32.00 | OK | |
| r-oldrel-macos-arm64 | 1.0.1 | 1.00 | 13.00 | 14.00 | OK | |
| r-oldrel-macos-x86_64 | 1.0.1 | 1.00 | 17.00 | 18.00 | OK | |
| r-oldrel-windows-x86_64 | 1.0.1 | 2.00 | 31.00 | 33.00 | OK |
Version: 1.0.1
Check: CRAN incoming feasibility
Result: NOTE
Maintainer: ‘Willem M. van der Wal <willem@vanderwalresearch.com>’
No Authors@R field in DESCRIPTION.
Please add one, modifying
Authors@R: person(given = c("Willem", "M."),
family = "van der Wal",
role = c("aut", "cre"),
email = "willem@vanderwalresearch.com")
as necessary.
Flavors: r-devel-linux-x86_64-debian-clang, r-devel-linux-x86_64-debian-gcc
These binaries (installable software) and packages are in development.
They may not be fully stable and should be used with caution. We make no claims about them.