CRAN Package Check Results for Package elevatr

Last updated on 2025-10-23 11:50:12 CEST.

Flavor Version Tinstall Tcheck Ttotal Status Flags
r-devel-linux-x86_64-debian-clang 0.99.1 3.56 63.54 67.10 NOTE
r-devel-linux-x86_64-debian-gcc 0.99.1 2.53 45.22 47.75 OK
r-devel-linux-x86_64-fedora-clang 0.99.1 22.00 85.28 107.28 OK
r-devel-linux-x86_64-fedora-gcc 0.99.1 114.36 OK
r-devel-windows-x86_64 0.99.1 6.00 77.00 83.00 OK
r-patched-linux-x86_64 0.99.1 3.25 60.11 63.36 OK
r-release-linux-x86_64 0.99.1 3.46 59.48 62.94 OK
r-release-macos-arm64 0.99.1 2.00 37.00 39.00 OK
r-release-macos-x86_64 0.99.1 3.00 69.00 72.00 OK
r-release-windows-x86_64 0.99.1 6.00 77.00 83.00 OK
r-oldrel-macos-arm64 0.99.1 2.00 41.00 43.00 OK
r-oldrel-macos-x86_64 0.99.1 3.00 90.00 93.00 OK
r-oldrel-windows-x86_64 0.99.1 8.00 88.00 96.00 OK

Check Details

Version: 0.99.1
Check: HTML version of manual
Result: NOTE Found the following HTML validation problems: bbox_to_sf.html:52:1 (bbox_to_sf.Rd:13): Warning: missing </ul> before </div> estimate_raster_size.html:58:1 (estimate_raster_size.Rd:16): Warning: missing </ul> before </div> merge_rasters.html:73:1 (merge_rasters.Rd:28): Warning: missing </ul> before </div> set_opentopo_key.html:49:1 (set_opentopo_key.Rd:11): Warning: missing </ul> before </div> Flavor: r-devel-linux-x86_64-debian-clang

These binaries (installable software) and packages are in development.
They may not be fully stable and should be used with caution. We make no claims about them.