Last updated on 2025-02-16 10:50:45 CET.
Flavor | Version | Tinstall | Tcheck | Ttotal | Status | Flags |
---|---|---|---|---|---|---|
r-devel-linux-x86_64-debian-clang | 0.99.0 | 3.33 | 58.62 | 61.95 | NOTE | |
r-devel-linux-x86_64-debian-gcc | 0.99.0 | 2.73 | 42.37 | 45.10 | NOTE | |
r-devel-linux-x86_64-fedora-clang | 0.99.0 | 103.58 | OK | |||
r-devel-linux-x86_64-fedora-gcc | 0.99.0 | 108.10 | OK | |||
r-devel-macos-arm64 | 0.99.0 | 39.00 | OK | |||
r-devel-macos-x86_64 | 0.99.0 | 78.00 | OK | |||
r-devel-windows-x86_64 | 0.99.0 | 5.00 | 73.00 | 78.00 | NOTE | |
r-patched-linux-x86_64 | 0.99.0 | 6.44 | 55.38 | 61.82 | OK | |
r-release-linux-x86_64 | 0.99.0 | 3.06 | 55.73 | 58.79 | OK | |
r-release-macos-arm64 | 0.99.0 | 35.00 | OK | |||
r-release-macos-x86_64 | 0.99.0 | 54.00 | OK | |||
r-release-windows-x86_64 | 0.99.0 | 5.00 | 73.00 | 78.00 | OK | |
r-oldrel-macos-arm64 | 0.99.0 | 54.00 | OK | |||
r-oldrel-macos-x86_64 | 0.99.0 | 82.00 | OK | |||
r-oldrel-windows-x86_64 | 0.99.0 | 6.00 | 91.00 | 97.00 | OK |
Version: 0.99.0
Check: Rd cross-references
Result: NOTE
Found the following Rd file(s) with Rd \link{} targets missing package
anchors:
get_aws_terrain.Rd: st_crs
get_elev_point.Rd: st_crs
get_elev_raster.Rd: st_crs
get_opentopo.Rd: st_crs
Please provide package anchors for all Rd \link{} targets not in the
package itself and the base packages.
Flavors: r-devel-linux-x86_64-debian-clang, r-devel-linux-x86_64-debian-gcc, r-devel-windows-x86_64
These binaries (installable software) and packages are in development.
They may not be fully stable and should be used with caution. We make no claims about them.