CRAN Package Check Results for Package elgbd

Last updated on 2025-07-21 19:49:43 CEST.

Flavor Version Tinstall Tcheck Ttotal Status Flags
r-devel-linux-x86_64-debian-clang 0.9.0 96.82 28.18 125.00 OK
r-devel-linux-x86_64-debian-gcc 0.9.0 77.30 32.36 109.66 OK
r-devel-linux-x86_64-fedora-clang 0.9.0 218.59 OK
r-devel-linux-x86_64-fedora-gcc 0.9.0 233.38 OK
r-devel-windows-x86_64 0.9.0 100.00 78.00 178.00 OK
r-patched-linux-x86_64 0.9.0 99.72 37.87 137.59 OK
r-release-linux-x86_64 0.9.0 102.18 38.22 140.40 OK
r-release-macos-arm64 0.9.0 54.00 OK
r-release-macos-x86_64 0.9.0 91.00 OK
r-release-windows-x86_64 0.9.0 97.00 81.00 178.00 OK
r-oldrel-macos-arm64 0.9.0 59.00 NOTE
r-oldrel-macos-x86_64 0.9.0 57.00 NOTE
r-oldrel-windows-x86_64 0.9.0 120.00 94.00 214.00 OK

Check Details

Version: 0.9.0
Check: installed package size
Result: NOTE installed size is 39.2Mb sub-directories of 1Mb or more: libs 39.1Mb Flavors: r-oldrel-macos-arm64, r-oldrel-macos-x86_64

These binaries (installable software) and packages are in development.
They may not be fully stable and should be used with caution. We make no claims about them.