Last updated on 2025-02-16 10:50:45 CET.
Flavor | Version | Tinstall | Tcheck | Ttotal | Status | Flags |
---|---|---|---|---|---|---|
r-devel-linux-x86_64-debian-clang | 0.9.0 | 98.71 | 26.32 | 125.03 | OK | |
r-devel-linux-x86_64-debian-gcc | 0.9.0 | 77.80 | 30.05 | 107.85 | OK | |
r-devel-linux-x86_64-fedora-clang | 0.9.0 | 227.58 | OK | |||
r-devel-linux-x86_64-fedora-gcc | 0.9.0 | 263.67 | OK | |||
r-devel-macos-arm64 | 0.9.0 | 56.00 | OK | |||
r-devel-macos-x86_64 | 0.9.0 | 97.00 | OK | |||
r-devel-windows-x86_64 | 0.9.0 | 92.00 | 79.00 | 171.00 | OK | |
r-patched-linux-x86_64 | 0.9.0 | 106.28 | 37.01 | 143.29 | OK | |
r-release-linux-x86_64 | 0.9.0 | 103.84 | 36.75 | 140.59 | OK | |
r-release-macos-arm64 | 0.9.0 | 59.00 | NOTE | |||
r-release-macos-x86_64 | 0.9.0 | 57.00 | NOTE | |||
r-release-windows-x86_64 | 0.9.0 | 93.00 | 81.00 | 174.00 | OK | |
r-oldrel-macos-arm64 | 0.9.0 | 62.00 | NOTE | |||
r-oldrel-macos-x86_64 | 0.9.0 | 82.00 | NOTE | |||
r-oldrel-windows-x86_64 | 0.9.0 | 117.00 | 85.00 | 202.00 | OK |
Version: 0.9.0
Check: installed package size
Result: NOTE
installed size is 39.2Mb
sub-directories of 1Mb or more:
libs 39.1Mb
Flavors: r-release-macos-arm64, r-release-macos-x86_64, r-oldrel-macos-arm64, r-oldrel-macos-x86_64
These binaries (installable software) and packages are in development.
They may not be fully stable and should be used with caution. We make no claims about them.