Last updated on 2025-02-16 10:50:45 CET.
Flavor | Version | Tinstall | Tcheck | Ttotal | Status | Flags |
---|---|---|---|---|---|---|
r-devel-linux-x86_64-debian-clang | 0.3.2 | 2.65 | 25.73 | 28.38 | NOTE | |
r-devel-linux-x86_64-debian-gcc | 0.3.2 | 2.25 | 20.95 | 23.20 | NOTE | |
r-devel-linux-x86_64-fedora-clang | 0.3.2 | 46.79 | NOTE | |||
r-devel-linux-x86_64-fedora-gcc | 0.3.2 | 43.49 | NOTE | |||
r-devel-macos-arm64 | 0.3.2 | 19.00 | NOTE | |||
r-devel-macos-x86_64 | 0.3.2 | 32.00 | NOTE | |||
r-devel-windows-x86_64 | 0.3.2 | 7.00 | 51.00 | 58.00 | NOTE | |
r-patched-linux-x86_64 | 0.3.2 | 2.61 | 24.63 | 27.24 | OK | |
r-release-linux-x86_64 | 0.3.2 | 2.58 | 24.73 | 27.31 | OK | |
r-release-macos-arm64 | 0.3.2 | 23.00 | OK | |||
r-release-macos-x86_64 | 0.3.2 | 27.00 | OK | |||
r-release-windows-x86_64 | 0.3.2 | 7.00 | 52.00 | 59.00 | OK | |
r-oldrel-macos-arm64 | 0.3.2 | 21.00 | OK | |||
r-oldrel-macos-x86_64 | 0.3.2 | 29.00 | OK | |||
r-oldrel-windows-x86_64 | 0.3.2 | 8.00 | 63.00 | 71.00 | OK |
Version: 0.3.2
Check: compiled code
Result: NOTE
File ‘ellipsis/libs/ellipsis.so’:
Found non-API calls to R: ‘PRVALUE’, ‘Rf_findVarInFrame3’
Compiled code should not call non-API entry points in R.
See ‘Writing portable packages’ in the ‘Writing R Extensions’ manual,
and section ‘Moving into C API compliance’ for issues with the use of
non-API entry points.
Flavors: r-devel-linux-x86_64-debian-clang, r-devel-linux-x86_64-debian-gcc, r-devel-linux-x86_64-fedora-clang, r-devel-linux-x86_64-fedora-gcc, r-devel-macos-arm64, r-devel-macos-x86_64
Version: 0.3.2
Check: compiled code
Result: NOTE
File 'ellipsis/libs/x64/ellipsis.dll':
Found non-API calls to R: 'PRVALUE', 'Rf_findVarInFrame3'
Compiled code should not call non-API entry points in R.
See 'Writing portable packages' in the 'Writing R Extensions' manual,
and section 'Moving into C API compliance' for issues with the use of
non-API entry points.
Flavor: r-devel-windows-x86_64
These binaries (installable software) and packages are in development.
They may not be fully stable and should be used with caution. We make no claims about them.