CRAN Package Check Results for Package ellipticalsymmetry

Last updated on 2025-10-03 15:49:48 CEST.

Flavor Version Tinstall Tcheck Ttotal Status Flags
r-devel-linux-x86_64-debian-clang 0.1.2 2.67 30.56 33.23 NOTE
r-devel-linux-x86_64-debian-gcc 0.1.2 2.61 22.69 25.30 NOTE
r-devel-linux-x86_64-fedora-clang 0.1.2 51.11 NOTE
r-devel-linux-x86_64-fedora-gcc 0.1.2 49.74 NOTE
r-devel-windows-x86_64 0.1.2 5.00 50.00 55.00 OK
r-patched-linux-x86_64 0.1.2 2.89 29.20 32.09 OK
r-release-linux-x86_64 0.1.2 2.70 29.11 31.81 OK
r-release-macos-arm64 0.1.2 24.00 OK
r-release-macos-x86_64 0.1.2 35.00 OK
r-release-windows-x86_64 0.1.2 5.00 51.00 56.00 OK
r-oldrel-macos-arm64 0.1.2 22.00 OK
r-oldrel-macos-x86_64 0.1.2 29.00 OK
r-oldrel-windows-x86_64 0.1.2 6.00 60.00 66.00 OK

Check Details

Version: 0.1.2
Check: CRAN incoming feasibility
Result: NOTE Maintainer: ‘Marko Palangetic <marko.palangetic@ugent.be>’ The Description field contains et al. (2021) <arXiv:2011.12560v2>. Please refer to arXiv e-prints via their arXiv DOI <doi:10.48550/arXiv.YYMM.NNNNN>. Flavors: r-devel-linux-x86_64-debian-clang, r-devel-linux-x86_64-debian-gcc

Version: 0.1.2
Check: dependencies in R code
Result: NOTE Namespace in Imports field not imported from: ‘datasets’ All declared Imports should be used. Flavors: r-devel-linux-x86_64-fedora-clang, r-devel-linux-x86_64-fedora-gcc

These binaries (installable software) and packages are in development.
They may not be fully stable and should be used with caution. We make no claims about them.