CRAN Package Check Results for Package ellipticalsymmetry

Last updated on 2025-02-16 10:50:45 CET.

Flavor Version Tinstall Tcheck Ttotal Status Flags
r-devel-linux-x86_64-debian-clang 0.1.2 3.38 28.58 31.96 OK
r-devel-linux-x86_64-debian-gcc 0.1.2 1.78 22.16 23.94 OK
r-devel-linux-x86_64-fedora-clang 0.1.2 52.77 NOTE
r-devel-linux-x86_64-fedora-gcc 0.1.2 48.97 NOTE
r-devel-macos-arm64 0.1.2 21.00 OK
r-devel-macos-x86_64 0.1.2 36.00 OK
r-devel-windows-x86_64 0.1.2 5.00 52.00 57.00 OK
r-patched-linux-x86_64 0.1.2 3.37 27.37 30.74 OK
r-release-linux-x86_64 0.1.2 3.24 27.21 30.45 OK
r-release-macos-arm64 0.1.2 22.00 OK
r-release-macos-x86_64 0.1.2 29.00 OK
r-release-windows-x86_64 0.1.2 5.00 54.00 59.00 OK
r-oldrel-macos-arm64 0.1.2 22.00 OK
r-oldrel-macos-x86_64 0.1.2 29.00 OK
r-oldrel-windows-x86_64 0.1.2 6.00 56.00 62.00 OK

Check Details

Version: 0.1.2
Check: dependencies in R code
Result: NOTE Namespace in Imports field not imported from: ‘datasets’ All declared Imports should be used. Flavors: r-devel-linux-x86_64-fedora-clang, r-devel-linux-x86_64-fedora-gcc

These binaries (installable software) and packages are in development.
They may not be fully stable and should be used with caution. We make no claims about them.